{"id":3096,"date":"2025-03-28T16:18:39","date_gmt":"2025-03-28T15:18:39","guid":{"rendered":"https:\/\/lesminimalys.fr\/?post_type=product&#038;p=3096"},"modified":"2026-01-06T13:45:12","modified_gmt":"2026-01-06T12:45:12","slug":"dolcezza","status":"publish","type":"product","link":"https:\/\/lesminimalys.fr\/?product=dolcezza","title":{"rendered":"Dolcezza"},"content":{"rendered":"<p>Savon naturel surgras au lait de ch\u00e8vre et au miel de Corse. Saponifi\u00e9 \u00e0 froid et compos\u00e9 simplement d\u2019huile d\u2019olive*, de tournesol**, de beurre de karit\u00e9*, d\u2019huile de coco*, de glyc\u00e9rine naturelle, d\u2019argile blanche, de lait de ch\u00e8vre** et de miel de Corse**.<\/p>\n<p><em>*issu de l\u2019agriculture biologique<\/em><\/p>\n<p><em>**issu de l\u2019agriculture biologique et de productions fran\u00e7aises<\/em><\/p>\n<p>Tr\u00e8s doux, notre savon au lait de ch\u00e8vre et au miel de Corse convient tout particuli\u00e8rement aux peaux s\u00e8ches et sensibles. Id\u00e9al pour toute la famille d\u00e8s le plus jeune \u00e2ge. Il ne contient pas d&rsquo;huiles essentielles !<\/p>\n<ul>\n<li>Le lait de ch\u00e8vre est charg\u00e9 de prot\u00e9ines et d\u2019acides gras aux supers pouvoirs hydratant ! La texture cr\u00e9meuse qu\u2019il donne au savon apporte alors une extr\u00eame douceur \u00e0 la peau.<\/li>\n<li>Riche en puissants antioxydants (vitamine A, vitamine C et vitamine E), le lait de ch\u00e8vre prot\u00e8ge donc notre corps des dommages oxydatifs caus\u00e9s par les radicaux libres.<\/li>\n<li>Le lait de ch\u00e8vre est \u00e9galement connu pour ses propri\u00e9t\u00e9s anti-inflammatoires.<\/li>\n<li>Le Miel est un puissant hydratant. Il est donc adapt\u00e9 \u00e0 tous les types de peau. Convient pour la toilette du corps mais aussi du visage.<\/li>\n<\/ul>\n<p>&nbsp;<\/p>\n<p><em><strong>Conseils d\u2019utilisation<\/strong>\u00a0<\/em>: Conservez notre savon Dolcezza \u00e0 l\u2019abri de l\u2019humidit\u00e9 pour le garder plus longtemps. Eviter tout contact avec les yeux.<\/p>\n<p>Pour en savoir plus sur les conditions d&rsquo;utilisation et de conservation de nos savons consultez notre <strong><a href=\"https:\/\/lesminimalys.fr\/?page_id=1323\">FAQ<\/a><\/strong>.<\/p>\n<p>Toutes nos \u00e9tiquettes sont con\u00e7ues en papier recycl\u00e9, biod\u00e9gradable et recyclable. Elles contribuent ainsi \u00e0 une d\u00e9marche z\u00e9ro impact, respectueuse de l&rsquo;environnement.<\/p>\n<h5><strong><em>INCI\u00a0:<\/em><\/strong><em> <strong>Sodium olivate, Sodium cocoate, Sodium sunflowerate, Sodium shea butterate, Butyrospermum parkii butter, Aqua, Glycerin, Caprae lac, Kaolin, Honey.<\/strong><\/em><\/h5>\n","protected":false},"excerpt":{"rendered":"<p><img decoding=\"async\" class=\"wp-image-3065 aligncenter\" src=\"https:\/\/lesminimalys.fr\/wp-content\/uploads\/2025\/03\/FATTU-IN-CORSICA-2-300x300.png\" alt=\"\" width=\"140\" height=\"140\" srcset=\"https:\/\/lesminimalys.fr\/wp-content\/uploads\/2025\/03\/FATTU-IN-CORSICA-2-300x300.png 300w, https:\/\/lesminimalys.fr\/wp-content\/uploads\/2025\/03\/FATTU-IN-CORSICA-2-1024x1024.png 1024w, https:\/\/lesminimalys.fr\/wp-content\/uploads\/2025\/03\/FATTU-IN-CORSICA-2-150x150.png 150w, https:\/\/lesminimalys.fr\/wp-content\/uploads\/2025\/03\/FATTU-IN-CORSICA-2-768x768.png 768w, https:\/\/lesminimalys.fr\/wp-content\/uploads\/2025\/03\/FATTU-IN-CORSICA-2-600x600.png 600w, https:\/\/lesminimalys.fr\/wp-content\/uploads\/2025\/03\/FATTU-IN-CORSICA-2-100x100.png 100w, https:\/\/lesminimalys.fr\/wp-content\/uploads\/2025\/03\/FATTU-IN-CORSICA-2.png 1080w\" sizes=\"(max-width: 140px) 100vw, 140px\" \/><\/p>\n","protected":false},"featured_media":3101,"template":"","meta":{"_monsterinsights_skip_tracking":false,"_monsterinsights_sitenote_active":false,"_monsterinsights_sitenote_note":"","_monsterinsights_sitenote_category":0,"_glsr_average":0,"_glsr_ranking":0,"_glsr_reviews":0},"product_brand":[],"product_cat":[18],"product_tag":[],"class_list":{"0":"post-3096","1":"product","2":"type-product","3":"status-publish","4":"has-post-thumbnail","6":"product_cat-savons","8":"entry","9":"has-media","11":"first","12":"instock","13":"taxable","14":"shipping-taxable","15":"purchasable","16":"product-type-variable","17":"has-product-nav","18":"col","19":"span_1_of_3","20":"owp-content-center","21":"owp-thumbs-layout-horizontal","22":"owp-btn-normal","23":"owp-tabs-layout-horizontal"},"yoast_head":"<!-- This site is optimized with the Yoast SEO plugin v26.8 - https:\/\/yoast.com\/product\/yoast-seo-wordpress\/ -->\n<title>Dolcezza - Savon au lait de ch\u00e8vre et miel de Corse - Les Minimalys<\/title>\n<meta name=\"description\" content=\"Savon naturel doux au lait de ch\u00e8vre et miel de Corse. Formul\u00e9 sans huiles essentielles pour les peaux les plus fragiles et d\u00e9licates\" \/>\n<meta name=\"robots\" content=\"index, follow, max-snippet:-1, max-image-preview:large, max-video-preview:-1\" \/>\n<link rel=\"canonical\" href=\"https:\/\/lesminimalys.fr\/?product=dolcezza\" \/>\n<meta property=\"og:locale\" content=\"fr_FR\" \/>\n<meta property=\"og:type\" content=\"article\" \/>\n<meta property=\"og:title\" content=\"Dolcezza - Savon au lait de ch\u00e8vre et miel de Corse - Les Minimalys\" \/>\n<meta property=\"og:description\" content=\"Savon naturel doux au lait de ch\u00e8vre et miel de Corse. Formul\u00e9 sans huiles essentielles pour les peaux les plus fragiles et d\u00e9licates\" \/>\n<meta property=\"og:url\" content=\"https:\/\/lesminimalys.fr\/?product=dolcezza\" \/>\n<meta property=\"og:site_name\" content=\"Les Minimalys\" \/>\n<meta property=\"article:publisher\" content=\"https:\/\/www.facebook.com\/lesminimalys\" \/>\n<meta property=\"article:modified_time\" content=\"2026-01-06T12:45:12+00:00\" \/>\n<meta property=\"og:image\" content=\"https:\/\/lesminimalys.fr\/wp-content\/uploads\/2025\/03\/savon-dolcezza-scaled.jpg\" \/>\n\t<meta property=\"og:image:width\" content=\"2560\" \/>\n\t<meta property=\"og:image:height\" content=\"1978\" \/>\n\t<meta property=\"og:image:type\" content=\"image\/jpeg\" \/>\n<meta name=\"twitter:card\" content=\"summary_large_image\" \/>\n<meta name=\"twitter:label1\" content=\"Dur\u00e9e de lecture estim\u00e9e\" \/>\n\t<meta name=\"twitter:data1\" content=\"2 minutes\" \/>\n<script type=\"application\/ld+json\" class=\"yoast-schema-graph\">{\"@context\":\"https:\/\/schema.org\",\"@graph\":[{\"@type\":\"WebPage\",\"@id\":\"https:\/\/lesminimalys.fr\/?product=dolcezza\",\"url\":\"https:\/\/lesminimalys.fr\/?product=dolcezza\",\"name\":\"Dolcezza - Savon au lait de ch\u00e8vre et miel de Corse - Les Minimalys\",\"isPartOf\":{\"@id\":\"https:\/\/lesminimalys.fr\/#website\"},\"primaryImageOfPage\":{\"@id\":\"https:\/\/lesminimalys.fr\/?product=dolcezza#primaryimage\"},\"image\":{\"@id\":\"https:\/\/lesminimalys.fr\/?product=dolcezza#primaryimage\"},\"thumbnailUrl\":\"https:\/\/lesminimalys.fr\/wp-content\/uploads\/2025\/03\/savon-dolcezza-scaled.jpg\",\"datePublished\":\"2025-03-28T15:18:39+00:00\",\"dateModified\":\"2026-01-06T12:45:12+00:00\",\"description\":\"Savon naturel doux au lait de ch\u00e8vre et miel de Corse. Formul\u00e9 sans huiles essentielles pour les peaux les plus fragiles et d\u00e9licates\",\"breadcrumb\":{\"@id\":\"https:\/\/lesminimalys.fr\/?product=dolcezza#breadcrumb\"},\"inLanguage\":\"fr-FR\",\"potentialAction\":[{\"@type\":\"ReadAction\",\"target\":[\"https:\/\/lesminimalys.fr\/?product=dolcezza\"]}]},{\"@type\":\"ImageObject\",\"inLanguage\":\"fr-FR\",\"@id\":\"https:\/\/lesminimalys.fr\/?product=dolcezza#primaryimage\",\"url\":\"https:\/\/lesminimalys.fr\/wp-content\/uploads\/2025\/03\/savon-dolcezza-scaled.jpg\",\"contentUrl\":\"https:\/\/lesminimalys.fr\/wp-content\/uploads\/2025\/03\/savon-dolcezza-scaled.jpg\",\"width\":2560,\"height\":1978},{\"@type\":\"BreadcrumbList\",\"@id\":\"https:\/\/lesminimalys.fr\/?product=dolcezza#breadcrumb\",\"itemListElement\":[{\"@type\":\"ListItem\",\"position\":1,\"name\":\"Accueil\",\"item\":\"https:\/\/lesminimalys.fr\/\"},{\"@type\":\"ListItem\",\"position\":2,\"name\":\"Boutique\",\"item\":\"https:\/\/lesminimalys.fr\/?page_id=435\"},{\"@type\":\"ListItem\",\"position\":3,\"name\":\"Dolcezza\"}]},{\"@type\":\"WebSite\",\"@id\":\"https:\/\/lesminimalys.fr\/#website\",\"url\":\"https:\/\/lesminimalys.fr\/\",\"name\":\"Les Minimalys\",\"description\":\"Savonnerie Artisanale\",\"publisher\":{\"@id\":\"https:\/\/lesminimalys.fr\/#organization\"},\"potentialAction\":[{\"@type\":\"SearchAction\",\"target\":{\"@type\":\"EntryPoint\",\"urlTemplate\":\"https:\/\/lesminimalys.fr\/?s={search_term_string}\"},\"query-input\":{\"@type\":\"PropertyValueSpecification\",\"valueRequired\":true,\"valueName\":\"search_term_string\"}}],\"inLanguage\":\"fr-FR\"},{\"@type\":\"Organization\",\"@id\":\"https:\/\/lesminimalys.fr\/#organization\",\"name\":\"Les Minimalys\",\"url\":\"https:\/\/lesminimalys.fr\/\",\"logo\":{\"@type\":\"ImageObject\",\"inLanguage\":\"fr-FR\",\"@id\":\"https:\/\/lesminimalys.fr\/#\/schema\/logo\/image\/\",\"url\":\"https:\/\/lesminimalys.fr\/wp-content\/uploads\/2021\/02\/cropped-cropped-cropped-cropped-logo-savonnerie-1.png\",\"contentUrl\":\"https:\/\/lesminimalys.fr\/wp-content\/uploads\/2021\/02\/cropped-cropped-cropped-cropped-logo-savonnerie-1.png\",\"width\":500,\"height\":148,\"caption\":\"Les Minimalys\"},\"image\":{\"@id\":\"https:\/\/lesminimalys.fr\/#\/schema\/logo\/image\/\"},\"sameAs\":[\"https:\/\/www.facebook.com\/lesminimalys\",\"https:\/\/www.instagram.com\/lesminimalys\/\"]}]}<\/script>\n<!-- \/ Yoast SEO plugin. -->","yoast_head_json":{"title":"Dolcezza - Savon au lait de ch\u00e8vre et miel de Corse - Les Minimalys","description":"Savon naturel doux au lait de ch\u00e8vre et miel de Corse. Formul\u00e9 sans huiles essentielles pour les peaux les plus fragiles et d\u00e9licates","robots":{"index":"index","follow":"follow","max-snippet":"max-snippet:-1","max-image-preview":"max-image-preview:large","max-video-preview":"max-video-preview:-1"},"canonical":"https:\/\/lesminimalys.fr\/?product=dolcezza","og_locale":"fr_FR","og_type":"article","og_title":"Dolcezza - Savon au lait de ch\u00e8vre et miel de Corse - Les Minimalys","og_description":"Savon naturel doux au lait de ch\u00e8vre et miel de Corse. Formul\u00e9 sans huiles essentielles pour les peaux les plus fragiles et d\u00e9licates","og_url":"https:\/\/lesminimalys.fr\/?product=dolcezza","og_site_name":"Les Minimalys","article_publisher":"https:\/\/www.facebook.com\/lesminimalys","article_modified_time":"2026-01-06T12:45:12+00:00","og_image":[{"width":2560,"height":1978,"url":"https:\/\/lesminimalys.fr\/wp-content\/uploads\/2025\/03\/savon-dolcezza-scaled.jpg","type":"image\/jpeg"}],"twitter_card":"summary_large_image","twitter_misc":{"Dur\u00e9e de lecture estim\u00e9e":"2 minutes"},"schema":{"@context":"https:\/\/schema.org","@graph":[{"@type":"WebPage","@id":"https:\/\/lesminimalys.fr\/?product=dolcezza","url":"https:\/\/lesminimalys.fr\/?product=dolcezza","name":"Dolcezza - Savon au lait de ch\u00e8vre et miel de Corse - Les Minimalys","isPartOf":{"@id":"https:\/\/lesminimalys.fr\/#website"},"primaryImageOfPage":{"@id":"https:\/\/lesminimalys.fr\/?product=dolcezza#primaryimage"},"image":{"@id":"https:\/\/lesminimalys.fr\/?product=dolcezza#primaryimage"},"thumbnailUrl":"https:\/\/lesminimalys.fr\/wp-content\/uploads\/2025\/03\/savon-dolcezza-scaled.jpg","datePublished":"2025-03-28T15:18:39+00:00","dateModified":"2026-01-06T12:45:12+00:00","description":"Savon naturel doux au lait de ch\u00e8vre et miel de Corse. Formul\u00e9 sans huiles essentielles pour les peaux les plus fragiles et d\u00e9licates","breadcrumb":{"@id":"https:\/\/lesminimalys.fr\/?product=dolcezza#breadcrumb"},"inLanguage":"fr-FR","potentialAction":[{"@type":"ReadAction","target":["https:\/\/lesminimalys.fr\/?product=dolcezza"]}]},{"@type":"ImageObject","inLanguage":"fr-FR","@id":"https:\/\/lesminimalys.fr\/?product=dolcezza#primaryimage","url":"https:\/\/lesminimalys.fr\/wp-content\/uploads\/2025\/03\/savon-dolcezza-scaled.jpg","contentUrl":"https:\/\/lesminimalys.fr\/wp-content\/uploads\/2025\/03\/savon-dolcezza-scaled.jpg","width":2560,"height":1978},{"@type":"BreadcrumbList","@id":"https:\/\/lesminimalys.fr\/?product=dolcezza#breadcrumb","itemListElement":[{"@type":"ListItem","position":1,"name":"Accueil","item":"https:\/\/lesminimalys.fr\/"},{"@type":"ListItem","position":2,"name":"Boutique","item":"https:\/\/lesminimalys.fr\/?page_id=435"},{"@type":"ListItem","position":3,"name":"Dolcezza"}]},{"@type":"WebSite","@id":"https:\/\/lesminimalys.fr\/#website","url":"https:\/\/lesminimalys.fr\/","name":"Les Minimalys","description":"Savonnerie Artisanale","publisher":{"@id":"https:\/\/lesminimalys.fr\/#organization"},"potentialAction":[{"@type":"SearchAction","target":{"@type":"EntryPoint","urlTemplate":"https:\/\/lesminimalys.fr\/?s={search_term_string}"},"query-input":{"@type":"PropertyValueSpecification","valueRequired":true,"valueName":"search_term_string"}}],"inLanguage":"fr-FR"},{"@type":"Organization","@id":"https:\/\/lesminimalys.fr\/#organization","name":"Les Minimalys","url":"https:\/\/lesminimalys.fr\/","logo":{"@type":"ImageObject","inLanguage":"fr-FR","@id":"https:\/\/lesminimalys.fr\/#\/schema\/logo\/image\/","url":"https:\/\/lesminimalys.fr\/wp-content\/uploads\/2021\/02\/cropped-cropped-cropped-cropped-logo-savonnerie-1.png","contentUrl":"https:\/\/lesminimalys.fr\/wp-content\/uploads\/2021\/02\/cropped-cropped-cropped-cropped-logo-savonnerie-1.png","width":500,"height":148,"caption":"Les Minimalys"},"image":{"@id":"https:\/\/lesminimalys.fr\/#\/schema\/logo\/image\/"},"sameAs":["https:\/\/www.facebook.com\/lesminimalys","https:\/\/www.instagram.com\/lesminimalys\/"]}]}},"jetpack_sharing_enabled":true,"_links":{"self":[{"href":"https:\/\/lesminimalys.fr\/index.php?rest_route=\/wp\/v2\/product\/3096","targetHints":{"allow":["GET"]}}],"collection":[{"href":"https:\/\/lesminimalys.fr\/index.php?rest_route=\/wp\/v2\/product"}],"about":[{"href":"https:\/\/lesminimalys.fr\/index.php?rest_route=\/wp\/v2\/types\/product"}],"wp:featuredmedia":[{"embeddable":true,"href":"https:\/\/lesminimalys.fr\/index.php?rest_route=\/wp\/v2\/media\/3101"}],"wp:attachment":[{"href":"https:\/\/lesminimalys.fr\/index.php?rest_route=%2Fwp%2Fv2%2Fmedia&parent=3096"}],"wp:term":[{"taxonomy":"product_brand","embeddable":true,"href":"https:\/\/lesminimalys.fr\/index.php?rest_route=%2Fwp%2Fv2%2Fproduct_brand&post=3096"},{"taxonomy":"product_cat","embeddable":true,"href":"https:\/\/lesminimalys.fr\/index.php?rest_route=%2Fwp%2Fv2%2Fproduct_cat&post=3096"},{"taxonomy":"product_tag","embeddable":true,"href":"https:\/\/lesminimalys.fr\/index.php?rest_route=%2Fwp%2Fv2%2Fproduct_tag&post=3096"}],"curies":[{"name":"wp","href":"https:\/\/api.w.org\/{rel}","templated":true}]}}