{"id":3062,"date":"2025-03-28T16:03:03","date_gmt":"2025-03-28T15:03:03","guid":{"rendered":"https:\/\/lesminimalys.fr\/?post_type=product&#038;p=3062"},"modified":"2026-01-06T13:47:21","modified_gmt":"2026-01-06T12:47:21","slug":"fiore-di-lume","status":"publish","type":"product","link":"https:\/\/lesminimalys.fr\/?product=fiore-di-lume","title":{"rendered":"Fiore di Lume"},"content":{"rendered":"<p>Avec notre savon \u00ab\u00a0Fiore di Lume\u00a0\u00bb \u00e0 l&rsquo;immortelle, fermez les yeux et revivez vos balades dans le maquis Corse.<\/p>\n<p>De floraison estivale, l&#8217;embl\u00e9matique immortelle Corse, fleur de lumi\u00e8re par excellence, apportera ses bienfaits et ses vertus r\u00e9g\u00e9n\u00e9rantes aux peaux fragiles et ab\u00eem\u00e9s.<\/p>\n<p>Obtenu par mac\u00e9ration de la fleur d&rsquo;immortelle s\u00e9ch\u00e9e dans une huile v\u00e9g\u00e9tale, notre savon \u00ab\u00a0Fiore di Lume\u00a0\u00bb \u00e0 l&rsquo;immortelle lib\u00e8re sa d\u00e9licate senteur et ses pr\u00e9cieuses propri\u00e9t\u00e9s pour un moment de qualit\u00e9 exceptionnelle. Le savon \u00ab\u00a0Fiore di Lume\u00a0\u00bb est l&rsquo;alli\u00e9 des peaux r\u00e9actives, irrit\u00e9es et dess\u00e9ch\u00e9es.<\/p>\n<p>Formul\u00e9:<\/p>\n<ul>\n<li>sans parfums de synth\u00e8se, ni huiles essentielles,<\/li>\n<li>sans colorants, ni conservateurs,<\/li>\n<li>sans tensioactifs,<\/li>\n<li>sans huile de palme.<\/li>\n<\/ul>\n<p>&nbsp;<\/p>\n<p>A transporter partout gr\u00e2ce au format mini (20g) ou a garder pr\u00e9cieusement suspendu dans sa douche au quotidien, le savon \u00ab\u00a0Fiore di Lume\u00a0\u00bb \u00e0 l&rsquo;immortelle Corse le n\u00b01 de votre trousse de toilette.<\/p>\n<p><em><strong>Conseils d\u2019utilisation<\/strong>\u00a0<\/em>: A conserver \u00e0 l\u2019abri de l\u2019humidit\u00e9 pour garder votre savon plus longtemps.<\/p>\n<p><em><strong>Pr\u00e9cautions d\u2019emploi<\/strong><\/em>\u00a0: Eviter tout contact avec les yeux.<\/p>\n<p>Pour en savoir plus sur les conditions d\u2019utilisation et de conservation de nos savons consultez notre\u00a0<strong><a href=\"https:\/\/lesminimalys.fr\/?page_id=1323\">FAQ<\/a><\/strong>.<\/p>\n<p>Toutes nos \u00e9tiquettes sont con\u00e7ues en papier recycl\u00e9, biod\u00e9gradable et recyclable. Elles contribuent ainsi \u00e0 une d\u00e9marche z\u00e9ro impact, respectueuse de l\u2019environnement.<\/p>\n<p class=\"cvGsUA direction-ltr align-center para-style-body\"><strong><span class=\"OYPEnA font-feature-liga-off font-feature-clig-off font-feature-calt-off text-decoration-underline text-strikethrough-none\">Composition : <\/span><span class=\"OYPEnA font-feature-liga-off font-feature-clig-off font-feature-calt-off text-decoration-none text-strikethrough-none\">Sodium Sunflowerseedate, Sodium Olivate, Sodium Cocoate, Aqua, Glycerin, Helichrysum italicum oil, Helichrysum italicum flower.<\/span><\/strong><\/p>\n","protected":false},"excerpt":{"rendered":"<p><img decoding=\"async\" class=\"wp-image-3065 aligncenter\" src=\"https:\/\/lesminimalys.fr\/wp-content\/uploads\/2025\/03\/FATTU-IN-CORSICA-2-300x300.png\" alt=\"\" width=\"140\" height=\"140\" srcset=\"https:\/\/lesminimalys.fr\/wp-content\/uploads\/2025\/03\/FATTU-IN-CORSICA-2-300x300.png 300w, https:\/\/lesminimalys.fr\/wp-content\/uploads\/2025\/03\/FATTU-IN-CORSICA-2-1024x1024.png 1024w, https:\/\/lesminimalys.fr\/wp-content\/uploads\/2025\/03\/FATTU-IN-CORSICA-2-150x150.png 150w, https:\/\/lesminimalys.fr\/wp-content\/uploads\/2025\/03\/FATTU-IN-CORSICA-2-768x768.png 768w, https:\/\/lesminimalys.fr\/wp-content\/uploads\/2025\/03\/FATTU-IN-CORSICA-2-600x600.png 600w, https:\/\/lesminimalys.fr\/wp-content\/uploads\/2025\/03\/FATTU-IN-CORSICA-2-100x100.png 100w, https:\/\/lesminimalys.fr\/wp-content\/uploads\/2025\/03\/FATTU-IN-CORSICA-2.png 1080w\" sizes=\"(max-width: 140px) 100vw, 140px\" \/><\/p>\n","protected":false},"featured_media":3089,"template":"","meta":{"_monsterinsights_skip_tracking":false,"_monsterinsights_sitenote_active":false,"_monsterinsights_sitenote_note":"","_monsterinsights_sitenote_category":0,"_glsr_average":0,"_glsr_ranking":0,"_glsr_reviews":0},"product_brand":[],"product_cat":[18],"product_tag":[],"class_list":{"0":"post-3062","1":"product","2":"type-product","3":"status-publish","4":"has-post-thumbnail","6":"product_cat-savons","8":"entry","9":"has-media","11":"first","12":"instock","13":"taxable","14":"shipping-taxable","15":"purchasable","16":"product-type-variable","17":"has-product-nav","18":"col","19":"span_1_of_3","20":"owp-content-center","21":"owp-thumbs-layout-horizontal","22":"owp-btn-normal","23":"owp-tabs-layout-horizontal"},"yoast_head":"<!-- This site is optimized with the Yoast SEO plugin v26.8 - https:\/\/yoast.com\/product\/yoast-seo-wordpress\/ -->\n<title>Fiore di Lume - savon \u00e0 l&#039;immortelle Corse - Les Minimalys<\/title>\n<meta name=\"description\" content=\"Fiore di Lume, le savon \u00e0 l&#039;immortelle Corse aux vertus r\u00e9g\u00e9n\u00e9rantes, apaisantes, adoucissantes et hydratantes pour un moment de douceur absolu.\" \/>\n<meta name=\"robots\" content=\"index, follow, max-snippet:-1, max-image-preview:large, max-video-preview:-1\" \/>\n<link rel=\"canonical\" href=\"https:\/\/lesminimalys.fr\/?product=fiore-di-lume\" \/>\n<meta property=\"og:locale\" content=\"fr_FR\" \/>\n<meta property=\"og:type\" content=\"article\" \/>\n<meta property=\"og:title\" content=\"Fiore di Lume - savon \u00e0 l&#039;immortelle Corse - Les Minimalys\" \/>\n<meta property=\"og:description\" content=\"Fiore di Lume, le savon \u00e0 l&#039;immortelle Corse aux vertus r\u00e9g\u00e9n\u00e9rantes, apaisantes, adoucissantes et hydratantes pour un moment de douceur absolu.\" \/>\n<meta property=\"og:url\" content=\"https:\/\/lesminimalys.fr\/?product=fiore-di-lume\" \/>\n<meta property=\"og:site_name\" content=\"Les Minimalys\" \/>\n<meta property=\"article:publisher\" content=\"https:\/\/www.facebook.com\/lesminimalys\" \/>\n<meta property=\"article:modified_time\" content=\"2026-01-06T12:47:21+00:00\" \/>\n<meta property=\"og:image\" content=\"https:\/\/lesminimalys.fr\/wp-content\/uploads\/2025\/03\/20250328_151146-scaled.jpg\" \/>\n\t<meta property=\"og:image:width\" content=\"2560\" \/>\n\t<meta property=\"og:image:height\" content=\"2060\" \/>\n\t<meta property=\"og:image:type\" content=\"image\/jpeg\" \/>\n<meta name=\"twitter:card\" content=\"summary_large_image\" \/>\n<meta name=\"twitter:label1\" content=\"Dur\u00e9e de lecture estim\u00e9e\" \/>\n\t<meta name=\"twitter:data1\" content=\"2 minutes\" \/>\n<script type=\"application\/ld+json\" class=\"yoast-schema-graph\">{\"@context\":\"https:\/\/schema.org\",\"@graph\":[{\"@type\":\"WebPage\",\"@id\":\"https:\/\/lesminimalys.fr\/?product=fiore-di-lume\",\"url\":\"https:\/\/lesminimalys.fr\/?product=fiore-di-lume\",\"name\":\"Fiore di Lume - savon \u00e0 l'immortelle Corse - Les Minimalys\",\"isPartOf\":{\"@id\":\"https:\/\/lesminimalys.fr\/#website\"},\"primaryImageOfPage\":{\"@id\":\"https:\/\/lesminimalys.fr\/?product=fiore-di-lume#primaryimage\"},\"image\":{\"@id\":\"https:\/\/lesminimalys.fr\/?product=fiore-di-lume#primaryimage\"},\"thumbnailUrl\":\"https:\/\/lesminimalys.fr\/wp-content\/uploads\/2025\/03\/20250328_151146-scaled.jpg\",\"datePublished\":\"2025-03-28T15:03:03+00:00\",\"dateModified\":\"2026-01-06T12:47:21+00:00\",\"description\":\"Fiore di Lume, le savon \u00e0 l'immortelle Corse aux vertus r\u00e9g\u00e9n\u00e9rantes, apaisantes, adoucissantes et hydratantes pour un moment de douceur absolu.\",\"breadcrumb\":{\"@id\":\"https:\/\/lesminimalys.fr\/?product=fiore-di-lume#breadcrumb\"},\"inLanguage\":\"fr-FR\",\"potentialAction\":[{\"@type\":\"ReadAction\",\"target\":[\"https:\/\/lesminimalys.fr\/?product=fiore-di-lume\"]}]},{\"@type\":\"ImageObject\",\"inLanguage\":\"fr-FR\",\"@id\":\"https:\/\/lesminimalys.fr\/?product=fiore-di-lume#primaryimage\",\"url\":\"https:\/\/lesminimalys.fr\/wp-content\/uploads\/2025\/03\/20250328_151146-scaled.jpg\",\"contentUrl\":\"https:\/\/lesminimalys.fr\/wp-content\/uploads\/2025\/03\/20250328_151146-scaled.jpg\",\"width\":2560,\"height\":2060,\"caption\":\"savon \u00e0 l'immortelle corse\"},{\"@type\":\"BreadcrumbList\",\"@id\":\"https:\/\/lesminimalys.fr\/?product=fiore-di-lume#breadcrumb\",\"itemListElement\":[{\"@type\":\"ListItem\",\"position\":1,\"name\":\"Accueil\",\"item\":\"https:\/\/lesminimalys.fr\/\"},{\"@type\":\"ListItem\",\"position\":2,\"name\":\"Boutique\",\"item\":\"https:\/\/lesminimalys.fr\/?page_id=435\"},{\"@type\":\"ListItem\",\"position\":3,\"name\":\"Fiore di Lume\"}]},{\"@type\":\"WebSite\",\"@id\":\"https:\/\/lesminimalys.fr\/#website\",\"url\":\"https:\/\/lesminimalys.fr\/\",\"name\":\"Les Minimalys\",\"description\":\"Savonnerie Artisanale\",\"publisher\":{\"@id\":\"https:\/\/lesminimalys.fr\/#organization\"},\"potentialAction\":[{\"@type\":\"SearchAction\",\"target\":{\"@type\":\"EntryPoint\",\"urlTemplate\":\"https:\/\/lesminimalys.fr\/?s={search_term_string}\"},\"query-input\":{\"@type\":\"PropertyValueSpecification\",\"valueRequired\":true,\"valueName\":\"search_term_string\"}}],\"inLanguage\":\"fr-FR\"},{\"@type\":\"Organization\",\"@id\":\"https:\/\/lesminimalys.fr\/#organization\",\"name\":\"Les Minimalys\",\"url\":\"https:\/\/lesminimalys.fr\/\",\"logo\":{\"@type\":\"ImageObject\",\"inLanguage\":\"fr-FR\",\"@id\":\"https:\/\/lesminimalys.fr\/#\/schema\/logo\/image\/\",\"url\":\"https:\/\/lesminimalys.fr\/wp-content\/uploads\/2021\/02\/cropped-cropped-cropped-cropped-logo-savonnerie-1.png\",\"contentUrl\":\"https:\/\/lesminimalys.fr\/wp-content\/uploads\/2021\/02\/cropped-cropped-cropped-cropped-logo-savonnerie-1.png\",\"width\":500,\"height\":148,\"caption\":\"Les Minimalys\"},\"image\":{\"@id\":\"https:\/\/lesminimalys.fr\/#\/schema\/logo\/image\/\"},\"sameAs\":[\"https:\/\/www.facebook.com\/lesminimalys\",\"https:\/\/www.instagram.com\/lesminimalys\/\"]}]}<\/script>\n<!-- \/ Yoast SEO plugin. -->","yoast_head_json":{"title":"Fiore di Lume - savon \u00e0 l'immortelle Corse - Les Minimalys","description":"Fiore di Lume, le savon \u00e0 l'immortelle Corse aux vertus r\u00e9g\u00e9n\u00e9rantes, apaisantes, adoucissantes et hydratantes pour un moment de douceur absolu.","robots":{"index":"index","follow":"follow","max-snippet":"max-snippet:-1","max-image-preview":"max-image-preview:large","max-video-preview":"max-video-preview:-1"},"canonical":"https:\/\/lesminimalys.fr\/?product=fiore-di-lume","og_locale":"fr_FR","og_type":"article","og_title":"Fiore di Lume - savon \u00e0 l'immortelle Corse - Les Minimalys","og_description":"Fiore di Lume, le savon \u00e0 l'immortelle Corse aux vertus r\u00e9g\u00e9n\u00e9rantes, apaisantes, adoucissantes et hydratantes pour un moment de douceur absolu.","og_url":"https:\/\/lesminimalys.fr\/?product=fiore-di-lume","og_site_name":"Les Minimalys","article_publisher":"https:\/\/www.facebook.com\/lesminimalys","article_modified_time":"2026-01-06T12:47:21+00:00","og_image":[{"width":2560,"height":2060,"url":"https:\/\/lesminimalys.fr\/wp-content\/uploads\/2025\/03\/20250328_151146-scaled.jpg","type":"image\/jpeg"}],"twitter_card":"summary_large_image","twitter_misc":{"Dur\u00e9e de lecture estim\u00e9e":"2 minutes"},"schema":{"@context":"https:\/\/schema.org","@graph":[{"@type":"WebPage","@id":"https:\/\/lesminimalys.fr\/?product=fiore-di-lume","url":"https:\/\/lesminimalys.fr\/?product=fiore-di-lume","name":"Fiore di Lume - savon \u00e0 l'immortelle Corse - Les Minimalys","isPartOf":{"@id":"https:\/\/lesminimalys.fr\/#website"},"primaryImageOfPage":{"@id":"https:\/\/lesminimalys.fr\/?product=fiore-di-lume#primaryimage"},"image":{"@id":"https:\/\/lesminimalys.fr\/?product=fiore-di-lume#primaryimage"},"thumbnailUrl":"https:\/\/lesminimalys.fr\/wp-content\/uploads\/2025\/03\/20250328_151146-scaled.jpg","datePublished":"2025-03-28T15:03:03+00:00","dateModified":"2026-01-06T12:47:21+00:00","description":"Fiore di Lume, le savon \u00e0 l'immortelle Corse aux vertus r\u00e9g\u00e9n\u00e9rantes, apaisantes, adoucissantes et hydratantes pour un moment de douceur absolu.","breadcrumb":{"@id":"https:\/\/lesminimalys.fr\/?product=fiore-di-lume#breadcrumb"},"inLanguage":"fr-FR","potentialAction":[{"@type":"ReadAction","target":["https:\/\/lesminimalys.fr\/?product=fiore-di-lume"]}]},{"@type":"ImageObject","inLanguage":"fr-FR","@id":"https:\/\/lesminimalys.fr\/?product=fiore-di-lume#primaryimage","url":"https:\/\/lesminimalys.fr\/wp-content\/uploads\/2025\/03\/20250328_151146-scaled.jpg","contentUrl":"https:\/\/lesminimalys.fr\/wp-content\/uploads\/2025\/03\/20250328_151146-scaled.jpg","width":2560,"height":2060,"caption":"savon \u00e0 l'immortelle corse"},{"@type":"BreadcrumbList","@id":"https:\/\/lesminimalys.fr\/?product=fiore-di-lume#breadcrumb","itemListElement":[{"@type":"ListItem","position":1,"name":"Accueil","item":"https:\/\/lesminimalys.fr\/"},{"@type":"ListItem","position":2,"name":"Boutique","item":"https:\/\/lesminimalys.fr\/?page_id=435"},{"@type":"ListItem","position":3,"name":"Fiore di Lume"}]},{"@type":"WebSite","@id":"https:\/\/lesminimalys.fr\/#website","url":"https:\/\/lesminimalys.fr\/","name":"Les Minimalys","description":"Savonnerie Artisanale","publisher":{"@id":"https:\/\/lesminimalys.fr\/#organization"},"potentialAction":[{"@type":"SearchAction","target":{"@type":"EntryPoint","urlTemplate":"https:\/\/lesminimalys.fr\/?s={search_term_string}"},"query-input":{"@type":"PropertyValueSpecification","valueRequired":true,"valueName":"search_term_string"}}],"inLanguage":"fr-FR"},{"@type":"Organization","@id":"https:\/\/lesminimalys.fr\/#organization","name":"Les Minimalys","url":"https:\/\/lesminimalys.fr\/","logo":{"@type":"ImageObject","inLanguage":"fr-FR","@id":"https:\/\/lesminimalys.fr\/#\/schema\/logo\/image\/","url":"https:\/\/lesminimalys.fr\/wp-content\/uploads\/2021\/02\/cropped-cropped-cropped-cropped-logo-savonnerie-1.png","contentUrl":"https:\/\/lesminimalys.fr\/wp-content\/uploads\/2021\/02\/cropped-cropped-cropped-cropped-logo-savonnerie-1.png","width":500,"height":148,"caption":"Les Minimalys"},"image":{"@id":"https:\/\/lesminimalys.fr\/#\/schema\/logo\/image\/"},"sameAs":["https:\/\/www.facebook.com\/lesminimalys","https:\/\/www.instagram.com\/lesminimalys\/"]}]}},"jetpack_sharing_enabled":true,"_links":{"self":[{"href":"https:\/\/lesminimalys.fr\/index.php?rest_route=\/wp\/v2\/product\/3062","targetHints":{"allow":["GET"]}}],"collection":[{"href":"https:\/\/lesminimalys.fr\/index.php?rest_route=\/wp\/v2\/product"}],"about":[{"href":"https:\/\/lesminimalys.fr\/index.php?rest_route=\/wp\/v2\/types\/product"}],"wp:featuredmedia":[{"embeddable":true,"href":"https:\/\/lesminimalys.fr\/index.php?rest_route=\/wp\/v2\/media\/3089"}],"wp:attachment":[{"href":"https:\/\/lesminimalys.fr\/index.php?rest_route=%2Fwp%2Fv2%2Fmedia&parent=3062"}],"wp:term":[{"taxonomy":"product_brand","embeddable":true,"href":"https:\/\/lesminimalys.fr\/index.php?rest_route=%2Fwp%2Fv2%2Fproduct_brand&post=3062"},{"taxonomy":"product_cat","embeddable":true,"href":"https:\/\/lesminimalys.fr\/index.php?rest_route=%2Fwp%2Fv2%2Fproduct_cat&post=3062"},{"taxonomy":"product_tag","embeddable":true,"href":"https:\/\/lesminimalys.fr\/index.php?rest_route=%2Fwp%2Fv2%2Fproduct_tag&post=3062"}],"curies":[{"name":"wp","href":"https:\/\/api.w.org\/{rel}","templated":true}]}}