{"id":2875,"date":"2023-06-15T10:50:53","date_gmt":"2023-06-15T08:50:53","guid":{"rendered":"https:\/\/lesminimalys.fr\/?post_type=product&#038;p=2875"},"modified":"2024-04-25T15:57:50","modified_gmt":"2024-04-25T13:57:50","slug":"savon-de-bouche","status":"publish","type":"product","link":"https:\/\/lesminimalys.fr\/?product=savon-de-bouche","title":{"rendered":"Savon de bouche"},"content":{"rendered":"<p>Prenez soin de vos dents au naturel avec notre tout nouveau savon de bouche saponifi\u00e9 \u00e0 froid. Sa composition minimaliste et sa mousse onctueuse vous permettront d&rsquo;entretenir une bonne hygi\u00e8ne bucco-dentaire tout en \u00e9vitant une liste interminable de composants douteux !<\/p>\n<p>Il permet d&rsquo;avoir des dents saines, lisses, blanches et des gencives en bonne sant\u00e9.<\/p>\n<p>Formul\u00e9 sans fluor et sans d\u00e9tergent de synth\u00e8se (SLS, SLMI, SCI etc.) notre savon de bouche est aussi une alternative pour moins polluer la plan\u00e8te, ses actifs sont 100% naturels et biod\u00e9gradables.<\/p>\n<p><strong>Conseils d&rsquo;utilisation<\/strong> : Passez votre brosse \u00e0 dents sous l&rsquo;eau. Frottez la brosse \u00e0 dents sur le dentifrice solide (tr\u00e8s peu de mati\u00e8re suffisent pour \u00eatre efficace). Brossez vos dents, rincez, souriez !<\/p>\n<p><strong>Composition<\/strong> : Huile d&rsquo;olive, huile de coco, beurre de karit\u00e9, xylitol, carbonate de calcium, poudre de r\u00e9glisse, menthol, huile essentielle de menthe verte et de menthe poivr\u00e9e pour une agr\u00e9able sensation de fraicheur.<\/p>\n<h5>Ingr\u00e9dients : SODIUM OLIVATE, AQUA, SODIUM COCOATE, SODIUM SHEA BUTTERATE, GLYCERIN, XYLITOL, CALCIUM CARBONATE, GLYCYRRHYZA GLABRA ROOT POWDER, MENTHA SPICATA HERB OIL, MENTHA PIPERITA OIL, MENTHOL, LIMONENE.<\/h5>\n","protected":false},"excerpt":{"rendered":"<h3 style=\"text-align: center;\">Dentifrice solide 100% naturel<\/h3>\n<p style=\"text-align: center;\"><img decoding=\"async\" class=\"alignnone wp-image-1140\" src=\"https:\/\/lesminimalys.fr\/wp-content\/uploads\/2021\/03\/Made-in-france-fabrication-francais.jpeg\" alt=\"\" width=\"83\" height=\"83\" srcset=\"https:\/\/lesminimalys.fr\/wp-content\/uploads\/2021\/03\/Made-in-france-fabrication-francais.jpeg 225w, https:\/\/lesminimalys.fr\/wp-content\/uploads\/2021\/03\/Made-in-france-fabrication-francais-100x100.jpeg 100w, https:\/\/lesminimalys.fr\/wp-content\/uploads\/2021\/03\/Made-in-france-fabrication-francais-150x150.jpeg 150w\" sizes=\"(max-width: 83px) 100vw, 83px\" \/><\/p>\n","protected":false},"featured_media":3030,"template":"","meta":{"_monsterinsights_skip_tracking":false,"_monsterinsights_sitenote_active":false,"_monsterinsights_sitenote_note":"","_monsterinsights_sitenote_category":0,"_glsr_average":0,"_glsr_ranking":0,"_glsr_reviews":0},"product_brand":[],"product_cat":[18],"product_tag":[],"class_list":{"0":"post-2875","1":"product","2":"type-product","3":"status-publish","4":"has-post-thumbnail","6":"product_cat-savons","8":"entry","9":"has-media","11":"first","12":"instock","13":"taxable","14":"shipping-taxable","15":"purchasable","16":"product-type-simple","17":"has-product-nav","18":"col","19":"span_1_of_3","20":"owp-content-center","21":"owp-thumbs-layout-horizontal","22":"owp-btn-normal","23":"owp-tabs-layout-horizontal"},"yoast_head":"<!-- This site is optimized with the Yoast SEO plugin v26.8 - https:\/\/yoast.com\/product\/yoast-seo-wordpress\/ -->\n<title>Savon de bouche - Les Minimalys<\/title>\n<meta name=\"description\" content=\"Notre savon de bouche ou dentifrice solide est 100% naturel et saponifi\u00e9 \u00e0 froid. Il permet une bonne hygi\u00e8ne bucco-dentaire sans composants douteux !\" \/>\n<meta name=\"robots\" content=\"index, follow, max-snippet:-1, max-image-preview:large, max-video-preview:-1\" \/>\n<link rel=\"canonical\" href=\"https:\/\/lesminimalys.fr\/?product=savon-de-bouche\" \/>\n<meta property=\"og:locale\" content=\"fr_FR\" \/>\n<meta property=\"og:type\" content=\"article\" \/>\n<meta property=\"og:title\" content=\"Savon de bouche - Les Minimalys\" \/>\n<meta property=\"og:description\" content=\"Notre savon de bouche ou dentifrice solide est 100% naturel et saponifi\u00e9 \u00e0 froid. Il permet une bonne hygi\u00e8ne bucco-dentaire sans composants douteux !\" \/>\n<meta property=\"og:url\" content=\"https:\/\/lesminimalys.fr\/?product=savon-de-bouche\" \/>\n<meta property=\"og:site_name\" content=\"Les Minimalys\" \/>\n<meta property=\"article:publisher\" content=\"https:\/\/www.facebook.com\/lesminimalys\" \/>\n<meta property=\"article:modified_time\" content=\"2024-04-25T13:57:50+00:00\" \/>\n<meta property=\"og:image\" content=\"https:\/\/lesminimalys.fr\/wp-content\/uploads\/2023\/06\/savon-de-bouche--scaled-e1714053153360.jpg\" \/>\n\t<meta property=\"og:image:width\" content=\"1300\" \/>\n\t<meta property=\"og:image:height\" content=\"960\" \/>\n\t<meta property=\"og:image:type\" content=\"image\/jpeg\" \/>\n<meta name=\"twitter:card\" content=\"summary_large_image\" \/>\n<meta name=\"twitter:label1\" content=\"Dur\u00e9e de lecture estim\u00e9e\" \/>\n\t<meta name=\"twitter:data1\" content=\"2 minutes\" \/>\n<script type=\"application\/ld+json\" class=\"yoast-schema-graph\">{\"@context\":\"https:\/\/schema.org\",\"@graph\":[{\"@type\":\"WebPage\",\"@id\":\"https:\/\/lesminimalys.fr\/?product=savon-de-bouche\",\"url\":\"https:\/\/lesminimalys.fr\/?product=savon-de-bouche\",\"name\":\"Savon de bouche - Les Minimalys\",\"isPartOf\":{\"@id\":\"https:\/\/lesminimalys.fr\/#website\"},\"primaryImageOfPage\":{\"@id\":\"https:\/\/lesminimalys.fr\/?product=savon-de-bouche#primaryimage\"},\"image\":{\"@id\":\"https:\/\/lesminimalys.fr\/?product=savon-de-bouche#primaryimage\"},\"thumbnailUrl\":\"https:\/\/lesminimalys.fr\/wp-content\/uploads\/2023\/06\/savon-de-bouche--scaled-e1714053153360.jpg\",\"datePublished\":\"2023-06-15T08:50:53+00:00\",\"dateModified\":\"2024-04-25T13:57:50+00:00\",\"description\":\"Notre savon de bouche ou dentifrice solide est 100% naturel et saponifi\u00e9 \u00e0 froid. Il permet une bonne hygi\u00e8ne bucco-dentaire sans composants douteux !\",\"breadcrumb\":{\"@id\":\"https:\/\/lesminimalys.fr\/?product=savon-de-bouche#breadcrumb\"},\"inLanguage\":\"fr-FR\",\"potentialAction\":[{\"@type\":\"ReadAction\",\"target\":[\"https:\/\/lesminimalys.fr\/?product=savon-de-bouche\"]}]},{\"@type\":\"ImageObject\",\"inLanguage\":\"fr-FR\",\"@id\":\"https:\/\/lesminimalys.fr\/?product=savon-de-bouche#primaryimage\",\"url\":\"https:\/\/lesminimalys.fr\/wp-content\/uploads\/2023\/06\/savon-de-bouche--scaled-e1714053153360.jpg\",\"contentUrl\":\"https:\/\/lesminimalys.fr\/wp-content\/uploads\/2023\/06\/savon-de-bouche--scaled-e1714053153360.jpg\",\"width\":1300,\"height\":960},{\"@type\":\"BreadcrumbList\",\"@id\":\"https:\/\/lesminimalys.fr\/?product=savon-de-bouche#breadcrumb\",\"itemListElement\":[{\"@type\":\"ListItem\",\"position\":1,\"name\":\"Accueil\",\"item\":\"https:\/\/lesminimalys.fr\/\"},{\"@type\":\"ListItem\",\"position\":2,\"name\":\"Boutique\",\"item\":\"https:\/\/lesminimalys.fr\/?page_id=435\"},{\"@type\":\"ListItem\",\"position\":3,\"name\":\"Savon de bouche\"}]},{\"@type\":\"WebSite\",\"@id\":\"https:\/\/lesminimalys.fr\/#website\",\"url\":\"https:\/\/lesminimalys.fr\/\",\"name\":\"Les Minimalys\",\"description\":\"Savonnerie Artisanale\",\"publisher\":{\"@id\":\"https:\/\/lesminimalys.fr\/#organization\"},\"potentialAction\":[{\"@type\":\"SearchAction\",\"target\":{\"@type\":\"EntryPoint\",\"urlTemplate\":\"https:\/\/lesminimalys.fr\/?s={search_term_string}\"},\"query-input\":{\"@type\":\"PropertyValueSpecification\",\"valueRequired\":true,\"valueName\":\"search_term_string\"}}],\"inLanguage\":\"fr-FR\"},{\"@type\":\"Organization\",\"@id\":\"https:\/\/lesminimalys.fr\/#organization\",\"name\":\"Les Minimalys\",\"url\":\"https:\/\/lesminimalys.fr\/\",\"logo\":{\"@type\":\"ImageObject\",\"inLanguage\":\"fr-FR\",\"@id\":\"https:\/\/lesminimalys.fr\/#\/schema\/logo\/image\/\",\"url\":\"https:\/\/lesminimalys.fr\/wp-content\/uploads\/2021\/02\/cropped-cropped-cropped-cropped-logo-savonnerie-1.png\",\"contentUrl\":\"https:\/\/lesminimalys.fr\/wp-content\/uploads\/2021\/02\/cropped-cropped-cropped-cropped-logo-savonnerie-1.png\",\"width\":500,\"height\":148,\"caption\":\"Les Minimalys\"},\"image\":{\"@id\":\"https:\/\/lesminimalys.fr\/#\/schema\/logo\/image\/\"},\"sameAs\":[\"https:\/\/www.facebook.com\/lesminimalys\",\"https:\/\/www.instagram.com\/lesminimalys\/\"]}]}<\/script>\n<!-- \/ Yoast SEO plugin. -->","yoast_head_json":{"title":"Savon de bouche - Les Minimalys","description":"Notre savon de bouche ou dentifrice solide est 100% naturel et saponifi\u00e9 \u00e0 froid. Il permet une bonne hygi\u00e8ne bucco-dentaire sans composants douteux !","robots":{"index":"index","follow":"follow","max-snippet":"max-snippet:-1","max-image-preview":"max-image-preview:large","max-video-preview":"max-video-preview:-1"},"canonical":"https:\/\/lesminimalys.fr\/?product=savon-de-bouche","og_locale":"fr_FR","og_type":"article","og_title":"Savon de bouche - Les Minimalys","og_description":"Notre savon de bouche ou dentifrice solide est 100% naturel et saponifi\u00e9 \u00e0 froid. Il permet une bonne hygi\u00e8ne bucco-dentaire sans composants douteux !","og_url":"https:\/\/lesminimalys.fr\/?product=savon-de-bouche","og_site_name":"Les Minimalys","article_publisher":"https:\/\/www.facebook.com\/lesminimalys","article_modified_time":"2024-04-25T13:57:50+00:00","og_image":[{"width":1300,"height":960,"url":"https:\/\/lesminimalys.fr\/wp-content\/uploads\/2023\/06\/savon-de-bouche--scaled-e1714053153360.jpg","type":"image\/jpeg"}],"twitter_card":"summary_large_image","twitter_misc":{"Dur\u00e9e de lecture estim\u00e9e":"2 minutes"},"schema":{"@context":"https:\/\/schema.org","@graph":[{"@type":"WebPage","@id":"https:\/\/lesminimalys.fr\/?product=savon-de-bouche","url":"https:\/\/lesminimalys.fr\/?product=savon-de-bouche","name":"Savon de bouche - Les Minimalys","isPartOf":{"@id":"https:\/\/lesminimalys.fr\/#website"},"primaryImageOfPage":{"@id":"https:\/\/lesminimalys.fr\/?product=savon-de-bouche#primaryimage"},"image":{"@id":"https:\/\/lesminimalys.fr\/?product=savon-de-bouche#primaryimage"},"thumbnailUrl":"https:\/\/lesminimalys.fr\/wp-content\/uploads\/2023\/06\/savon-de-bouche--scaled-e1714053153360.jpg","datePublished":"2023-06-15T08:50:53+00:00","dateModified":"2024-04-25T13:57:50+00:00","description":"Notre savon de bouche ou dentifrice solide est 100% naturel et saponifi\u00e9 \u00e0 froid. Il permet une bonne hygi\u00e8ne bucco-dentaire sans composants douteux !","breadcrumb":{"@id":"https:\/\/lesminimalys.fr\/?product=savon-de-bouche#breadcrumb"},"inLanguage":"fr-FR","potentialAction":[{"@type":"ReadAction","target":["https:\/\/lesminimalys.fr\/?product=savon-de-bouche"]}]},{"@type":"ImageObject","inLanguage":"fr-FR","@id":"https:\/\/lesminimalys.fr\/?product=savon-de-bouche#primaryimage","url":"https:\/\/lesminimalys.fr\/wp-content\/uploads\/2023\/06\/savon-de-bouche--scaled-e1714053153360.jpg","contentUrl":"https:\/\/lesminimalys.fr\/wp-content\/uploads\/2023\/06\/savon-de-bouche--scaled-e1714053153360.jpg","width":1300,"height":960},{"@type":"BreadcrumbList","@id":"https:\/\/lesminimalys.fr\/?product=savon-de-bouche#breadcrumb","itemListElement":[{"@type":"ListItem","position":1,"name":"Accueil","item":"https:\/\/lesminimalys.fr\/"},{"@type":"ListItem","position":2,"name":"Boutique","item":"https:\/\/lesminimalys.fr\/?page_id=435"},{"@type":"ListItem","position":3,"name":"Savon de bouche"}]},{"@type":"WebSite","@id":"https:\/\/lesminimalys.fr\/#website","url":"https:\/\/lesminimalys.fr\/","name":"Les Minimalys","description":"Savonnerie Artisanale","publisher":{"@id":"https:\/\/lesminimalys.fr\/#organization"},"potentialAction":[{"@type":"SearchAction","target":{"@type":"EntryPoint","urlTemplate":"https:\/\/lesminimalys.fr\/?s={search_term_string}"},"query-input":{"@type":"PropertyValueSpecification","valueRequired":true,"valueName":"search_term_string"}}],"inLanguage":"fr-FR"},{"@type":"Organization","@id":"https:\/\/lesminimalys.fr\/#organization","name":"Les Minimalys","url":"https:\/\/lesminimalys.fr\/","logo":{"@type":"ImageObject","inLanguage":"fr-FR","@id":"https:\/\/lesminimalys.fr\/#\/schema\/logo\/image\/","url":"https:\/\/lesminimalys.fr\/wp-content\/uploads\/2021\/02\/cropped-cropped-cropped-cropped-logo-savonnerie-1.png","contentUrl":"https:\/\/lesminimalys.fr\/wp-content\/uploads\/2021\/02\/cropped-cropped-cropped-cropped-logo-savonnerie-1.png","width":500,"height":148,"caption":"Les Minimalys"},"image":{"@id":"https:\/\/lesminimalys.fr\/#\/schema\/logo\/image\/"},"sameAs":["https:\/\/www.facebook.com\/lesminimalys","https:\/\/www.instagram.com\/lesminimalys\/"]}]}},"jetpack_sharing_enabled":true,"_links":{"self":[{"href":"https:\/\/lesminimalys.fr\/index.php?rest_route=\/wp\/v2\/product\/2875","targetHints":{"allow":["GET"]}}],"collection":[{"href":"https:\/\/lesminimalys.fr\/index.php?rest_route=\/wp\/v2\/product"}],"about":[{"href":"https:\/\/lesminimalys.fr\/index.php?rest_route=\/wp\/v2\/types\/product"}],"wp:featuredmedia":[{"embeddable":true,"href":"https:\/\/lesminimalys.fr\/index.php?rest_route=\/wp\/v2\/media\/3030"}],"wp:attachment":[{"href":"https:\/\/lesminimalys.fr\/index.php?rest_route=%2Fwp%2Fv2%2Fmedia&parent=2875"}],"wp:term":[{"taxonomy":"product_brand","embeddable":true,"href":"https:\/\/lesminimalys.fr\/index.php?rest_route=%2Fwp%2Fv2%2Fproduct_brand&post=2875"},{"taxonomy":"product_cat","embeddable":true,"href":"https:\/\/lesminimalys.fr\/index.php?rest_route=%2Fwp%2Fv2%2Fproduct_cat&post=2875"},{"taxonomy":"product_tag","embeddable":true,"href":"https:\/\/lesminimalys.fr\/index.php?rest_route=%2Fwp%2Fv2%2Fproduct_tag&post=2875"}],"curies":[{"name":"wp","href":"https:\/\/api.w.org\/{rel}","templated":true}]}}

<p>Prenez soin de vos dents au naturel avec notre tout nouveau savon de bouche saponifié à froid. Sa composition minimaliste et sa mousse onctueuse vous permettront d&rsquo;entretenir une bonne hygiène bucco-dentaire tout en évitant une liste interminable de composants douteux !</p>
<p>Il permet d&rsquo;avoir des dents saines, lisses, blanches et des gencives en bonne santé.</p>
<p>Formulé sans fluor et sans détergent de synthèse (SLS, SLMI, SCI etc.) notre savon de bouche est aussi une alternative pour moins polluer la planète, ses actifs sont 100% naturels et biodégradables.</p>
<p><strong>Conseils d&rsquo;utilisation</strong> : Passez votre brosse à dents sous l&rsquo;eau. Frottez la brosse à dents sur le dentifrice solide (très peu de matière suffisent pour être efficace). Brossez vos dents, rincez, souriez !</p>
<p><strong>Composition</strong> : Huile d&rsquo;olive, huile de coco, beurre de karité, xylitol, carbonate de calcium, poudre de réglisse, menthol, huile essentielle de menthe verte et de menthe poivrée pour une agréable sensation de fraicheur.</p>
<h5>Ingrédients : SODIUM OLIVATE, AQUA, SODIUM COCOATE, SODIUM SHEA BUTTERATE, GLYCERIN, XYLITOL, CALCIUM CARBONATE, GLYCYRRHYZA GLABRA ROOT POWDER, MENTHA SPICATA HERB OIL, MENTHA PIPERITA OIL, MENTHOL, LIMONENE.</h5>

<!-- This site is optimized with the Yoast SEO plugin v26.8 - https://yoast.com/product/yoast-seo-wordpress/ -->
<title>Savon de bouche - Les Minimalys</title>
<meta name="description" content="Notre savon de bouche ou dentifrice solide est 100% naturel et saponifié à froid. Il permet une bonne hygiène bucco-dentaire sans composants douteux !" />
<meta name="robots" content="index, follow, max-snippet:-1, max-image-preview:large, max-video-preview:-1" />
<link rel="canonical" href="https://lesminimalys.fr/?product=savon-de-bouche" />
<meta property="og:locale" content="fr_FR" />
<meta property="og:type" content="article" />
<meta property="og:title" content="Savon de bouche - Les Minimalys" />
<meta property="og:description" content="Notre savon de bouche ou dentifrice solide est 100% naturel et saponifié à froid. Il permet une bonne hygiène bucco-dentaire sans composants douteux !" />
<meta property="og:url" content="https://lesminimalys.fr/?product=savon-de-bouche" />
<meta property="og:site_name" content="Les Minimalys" />
<meta property="article:publisher" content="https://www.facebook.com/lesminimalys" />
<meta property="article:modified_time" content="2024-04-25T13:57:50+00:00" />
<meta property="og:image" content="https://lesminimalys.fr/wp-content/uploads/2023/06/savon-de-bouche--scaled-e1714053153360.jpg" />
	<meta property="og:image:width" content="1300" />
	<meta property="og:image:height" content="960" />
	<meta property="og:image:type" content="image/jpeg" />
<meta name="twitter:card" content="summary_large_image" />
<meta name="twitter:label1" content="Durée de lecture estimée" />
	<meta name="twitter:data1" content="2 minutes" />
<script type="application/ld+json" class="yoast-schema-graph">{"@context":"https://schema.org","@graph":[{"@type":"WebPage","@id":"https://lesminimalys.fr/?product=savon-de-bouche","url":"https://lesminimalys.fr/?product=savon-de-bouche","name":"Savon de bouche - Les Minimalys","isPartOf":{"@id":"https://lesminimalys.fr/#website"},"primaryImageOfPage":{"@id":"https://lesminimalys.fr/?product=savon-de-bouche#primaryimage"},"image":{"@id":"https://lesminimalys.fr/?product=savon-de-bouche#primaryimage"},"thumbnailUrl":"https://lesminimalys.fr/wp-content/uploads/2023/06/savon-de-bouche--scaled-e1714053153360.jpg","datePublished":"2023-06-15T08:50:53+00:00","dateModified":"2024-04-25T13:57:50+00:00","description":"Notre savon de bouche ou dentifrice solide est 100% naturel et saponifié à froid. Il permet une bonne hygiène bucco-dentaire sans composants douteux !","breadcrumb":{"@id":"https://lesminimalys.fr/?product=savon-de-bouche#breadcrumb"},"inLanguage":"fr-FR","potentialAction":[{"@type":"ReadAction","target":["https://lesminimalys.fr/?product=savon-de-bouche"]}]},{"@type":"ImageObject","inLanguage":"fr-FR","@id":"https://lesminimalys.fr/?product=savon-de-bouche#primaryimage","url":"https://lesminimalys.fr/wp-content/uploads/2023/06/savon-de-bouche--scaled-e1714053153360.jpg","contentUrl":"https://lesminimalys.fr/wp-content/uploads/2023/06/savon-de-bouche--scaled-e1714053153360.jpg","width":1300,"height":960},{"@type":"BreadcrumbList","@id":"https://lesminimalys.fr/?product=savon-de-bouche#breadcrumb","itemListElement":[{"@type":"ListItem","position":1,"name":"Accueil","item":"https://lesminimalys.fr/"},{"@type":"ListItem","position":2,"name":"Boutique","item":"https://lesminimalys.fr/?page_id=435"},{"@type":"ListItem","position":3,"name":"Savon de bouche"}]},{"@type":"WebSite","@id":"https://lesminimalys.fr/#website","url":"https://lesminimalys.fr/","name":"Les Minimalys","description":"Savonnerie Artisanale","publisher":{"@id":"https://lesminimalys.fr/#organization"},"potentialAction":[{"@type":"SearchAction","target":{"@type":"EntryPoint","urlTemplate":"https://lesminimalys.fr/?s={search_term_string}"},"query-input":{"@type":"PropertyValueSpecification","valueRequired":true,"valueName":"search_term_string"}}],"inLanguage":"fr-FR"},{"@type":"Organization","@id":"https://lesminimalys.fr/#organization","name":"Les Minimalys","url":"https://lesminimalys.fr/","logo":{"@type":"ImageObject","inLanguage":"fr-FR","@id":"https://lesminimalys.fr/#/schema/logo/image/","url":"https://lesminimalys.fr/wp-content/uploads/2021/02/cropped-cropped-cropped-cropped-logo-savonnerie-1.png","contentUrl":"https://lesminimalys.fr/wp-content/uploads/2021/02/cropped-cropped-cropped-cropped-logo-savonnerie-1.png","width":500,"height":148,"caption":"Les Minimalys"},"image":{"@id":"https://lesminimalys.fr/#/schema/logo/image/"},"sameAs":["https://www.facebook.com/lesminimalys","https://www.instagram.com/lesminimalys/"]}]}</script>
<!-- / Yoast SEO plugin. -->

Notre savon de bouche ou dentifrice solide est 100% naturel et saponifié à froid. Il permet une bonne hygiène bucco-dentaire sans composants douteux !
