{"id":2789,"date":"2022-10-20T21:59:42","date_gmt":"2022-10-20T19:59:42","guid":{"rendered":"https:\/\/lesminimalys.fr\/?post_type=product&#038;p=2789"},"modified":"2022-10-20T21:59:43","modified_gmt":"2022-10-20T19:59:43","slug":"1e-1-arbre-plante-%f0%9f%8c%b3","status":"publish","type":"product","link":"https:\/\/lesminimalys.fr\/?product=1e-1-arbre-plante-%f0%9f%8c%b3","title":{"rendered":"1\u20ac = 1 arbre plant\u00e9 \ud83c\udf33"},"content":{"rendered":"<p>Absolument essentielle pour la plan\u00e8te, la for\u00eat joue un r\u00f4le crucial dans la r\u00e9gulation du climat. Elle abrite une biodiversit\u00e9 exceptionnelle, et constitue une ressource alimentaire cl\u00e9 pour les populations rurales. Pourtant, la d\u00e9forestation s\u00e9vit \u00e0 un rythme effr\u00e9n\u00e9.<\/p>\n<p><span style=\"font-weight: 400;\">C\u2019est pourquoi, nous nous engageons <\/span><span style=\"font-weight: 400;\">aupr\u00e8s de l&rsquo;ONG Plan\u00e8te Urgence\u00a0<\/span><span style=\"font-weight: 400;\">\u00e0 planter des arbres dans des zones o\u00f9 la d\u00e9forestation est massive.<\/span><\/p>\n<p>&nbsp;<\/p>\n<blockquote>\n<p style=\"text-align: left;\">Chaque geste compte, il y&rsquo;a urgence :<strong> plantons ensemble<\/strong> !<\/p>\n<\/blockquote>\n<h4><\/h4>\n<p>&nbsp;<\/p>\n<h4><em>Comment ca marche?<\/em><\/h4>\n<p>Ajoutez \u00e0 votre panier le nombre d&rsquo;arbre que vous souhaitez planter <strong>1\u20ac = 1 arbre plant\u00e9<\/strong> !<\/p>\n<p>Pour chaque arbre plant\u00e9, nous doublons la mise et plantons aussi 1 arbre.<\/p>\n<h4><\/h4>\n<p>&nbsp;<\/p>\n<h4><em>Comment op\u00e8re Plan\u00e8te Urgence ?<\/em><\/h4>\n<p>Derri\u00e8re chaque arbre plant\u00e9, il y a une aventure humaine. C\u2019est l\u2019histoire d\u2019une collaboration entre les acteurs du terrain, les communaut\u00e9s locales et les \u00e9quipes de Plan\u00e8te Urgence. Ces hommes et ces femmes \u0153uvrent \u00e0 restaurer et pr\u00e9server les for\u00eats en danger, en repla\u00e7ant l\u2019arbre au c\u0153ur d\u2019un projet de d\u00e9veloppement durable de leur communaut\u00e9. Via des projets de reforestation inclusifs, Plan\u00e8te Urgence a le pouvoir de lutter concr\u00e8tement et durablement contre la d\u00e9forestation.<\/p>\n<p>&nbsp;<\/p>\n<p>Pour plus d\u2019informations sur leurs projets de reforestation\u00a0<a href=\"https:\/\/planete-urgence.org\/planter-un-arbre\/\">https:\/\/planete-urgence.org\/planter-un-arbre\/<\/a><\/p>\n","protected":false},"excerpt":{"rendered":"<p>Absolument essentielle pour la plan\u00e8te, la for\u00eat joue un r\u00f4le crucial dans la r\u00e9gulation du climat. Elle abrite une biodiversit\u00e9 exceptionnelle, et constitue une ressource alimentaire cl\u00e9 pour les populations rurales. Pourtant, la d\u00e9forestation s\u00e9vit \u00e0 un rythme effr\u00e9n\u00e9. C\u2019est pourquoi, nous nous engageons aupr\u00e8s de l&rsquo;ONG Plan\u00e8te Urgence\u00a0\u00e0 planter des arbres dans des zones [&hellip;]<\/p>\n","protected":false},"featured_media":2790,"template":"","meta":{"_monsterinsights_skip_tracking":false,"_monsterinsights_sitenote_active":false,"_monsterinsights_sitenote_note":"","_monsterinsights_sitenote_category":0,"_glsr_average":0,"_glsr_ranking":0,"_glsr_reviews":0},"product_brand":[],"product_cat":[17],"product_tag":[],"class_list":{"0":"post-2789","1":"product","2":"type-product","3":"status-publish","4":"has-post-thumbnail","6":"product_cat-non-classe","8":"entry","9":"has-media","11":"first","12":"instock","13":"virtual","14":"taxable","15":"purchasable","16":"product-type-simple","17":"has-product-nav","18":"col","19":"span_1_of_3","20":"owp-content-center","21":"owp-thumbs-layout-horizontal","22":"owp-btn-normal","23":"owp-tabs-layout-horizontal","24":"has-no-thumbnails"},"yoast_head":"<!-- This site is optimized with the Yoast SEO plugin v26.8 - https:\/\/yoast.com\/product\/yoast-seo-wordpress\/ -->\n<title>1\u20ac = 1 arbre plant\u00e9 \ud83c\udf33 Les Minimalys<\/title>\n<meta name=\"description\" content=\"Chaque geste compte pour pr\u00e9server le climat ! Ensemble plantons des arbres dans des zones ou la d\u00e9forestation est massive 1\u20ac = 1 arbre plant\u00e9 !\" \/>\n<meta name=\"robots\" content=\"index, follow, max-snippet:-1, max-image-preview:large, max-video-preview:-1\" \/>\n<link rel=\"canonical\" href=\"https:\/\/lesminimalys.fr\/?product=1e-1-arbre-plante-\ud83c\udf33\" \/>\n<meta property=\"og:locale\" content=\"fr_FR\" \/>\n<meta property=\"og:type\" content=\"article\" \/>\n<meta property=\"og:title\" content=\"1\u20ac = 1 arbre plant\u00e9 \ud83c\udf33 Les Minimalys\" \/>\n<meta property=\"og:description\" content=\"Chaque geste compte pour pr\u00e9server le climat ! Ensemble plantons des arbres dans des zones ou la d\u00e9forestation est massive 1\u20ac = 1 arbre plant\u00e9 !\" \/>\n<meta property=\"og:url\" content=\"https:\/\/lesminimalys.fr\/?product=1e-1-arbre-plante-\ud83c\udf33\" \/>\n<meta property=\"og:site_name\" content=\"Les Minimalys\" \/>\n<meta property=\"article:publisher\" content=\"https:\/\/www.facebook.com\/lesminimalys\" \/>\n<meta property=\"article:modified_time\" content=\"2022-10-20T19:59:43+00:00\" \/>\n<meta property=\"og:image\" content=\"https:\/\/lesminimalys.fr\/wp-content\/uploads\/2022\/10\/environmental-protection-g1d2d8eedb_1280.jpg\" \/>\n\t<meta property=\"og:image:width\" content=\"1280\" \/>\n\t<meta property=\"og:image:height\" content=\"854\" \/>\n\t<meta property=\"og:image:type\" content=\"image\/jpeg\" \/>\n<meta name=\"twitter:card\" content=\"summary_large_image\" \/>\n<meta name=\"twitter:label1\" content=\"Dur\u00e9e de lecture estim\u00e9e\" \/>\n\t<meta name=\"twitter:data1\" content=\"1 minute\" \/>\n<script type=\"application\/ld+json\" class=\"yoast-schema-graph\">{\"@context\":\"https:\/\/schema.org\",\"@graph\":[{\"@type\":\"WebPage\",\"@id\":\"https:\/\/lesminimalys.fr\/?product=1e-1-arbre-plante-%f0%9f%8c%b3\",\"url\":\"https:\/\/lesminimalys.fr\/?product=1e-1-arbre-plante-%f0%9f%8c%b3\",\"name\":\"1\u20ac = 1 arbre plant\u00e9 \ud83c\udf33 Les Minimalys\",\"isPartOf\":{\"@id\":\"https:\/\/lesminimalys.fr\/#website\"},\"primaryImageOfPage\":{\"@id\":\"https:\/\/lesminimalys.fr\/?product=1e-1-arbre-plante-%f0%9f%8c%b3#primaryimage\"},\"image\":{\"@id\":\"https:\/\/lesminimalys.fr\/?product=1e-1-arbre-plante-%f0%9f%8c%b3#primaryimage\"},\"thumbnailUrl\":\"https:\/\/lesminimalys.fr\/wp-content\/uploads\/2022\/10\/environmental-protection-g1d2d8eedb_1280.jpg\",\"datePublished\":\"2022-10-20T19:59:42+00:00\",\"dateModified\":\"2022-10-20T19:59:43+00:00\",\"description\":\"Chaque geste compte pour pr\u00e9server le climat ! Ensemble plantons des arbres dans des zones ou la d\u00e9forestation est massive 1\u20ac = 1 arbre plant\u00e9 !\",\"breadcrumb\":{\"@id\":\"https:\/\/lesminimalys.fr\/?product=1e-1-arbre-plante-%f0%9f%8c%b3#breadcrumb\"},\"inLanguage\":\"fr-FR\",\"potentialAction\":[{\"@type\":\"ReadAction\",\"target\":[\"https:\/\/lesminimalys.fr\/?product=1e-1-arbre-plante-%f0%9f%8c%b3\"]}]},{\"@type\":\"ImageObject\",\"inLanguage\":\"fr-FR\",\"@id\":\"https:\/\/lesminimalys.fr\/?product=1e-1-arbre-plante-%f0%9f%8c%b3#primaryimage\",\"url\":\"https:\/\/lesminimalys.fr\/wp-content\/uploads\/2022\/10\/environmental-protection-g1d2d8eedb_1280.jpg\",\"contentUrl\":\"https:\/\/lesminimalys.fr\/wp-content\/uploads\/2022\/10\/environmental-protection-g1d2d8eedb_1280.jpg\",\"width\":1280,\"height\":854,\"caption\":\"1\u20ac = 1 arbre plant\u00e9\"},{\"@type\":\"BreadcrumbList\",\"@id\":\"https:\/\/lesminimalys.fr\/?product=1e-1-arbre-plante-%f0%9f%8c%b3#breadcrumb\",\"itemListElement\":[{\"@type\":\"ListItem\",\"position\":1,\"name\":\"Accueil\",\"item\":\"https:\/\/lesminimalys.fr\/\"},{\"@type\":\"ListItem\",\"position\":2,\"name\":\"Boutique\",\"item\":\"https:\/\/lesminimalys.fr\/?page_id=435\"},{\"@type\":\"ListItem\",\"position\":3,\"name\":\"1\u20ac = 1 arbre plant\u00e9 \ud83c\udf33\"}]},{\"@type\":\"WebSite\",\"@id\":\"https:\/\/lesminimalys.fr\/#website\",\"url\":\"https:\/\/lesminimalys.fr\/\",\"name\":\"Les Minimalys\",\"description\":\"Savonnerie Artisanale\",\"publisher\":{\"@id\":\"https:\/\/lesminimalys.fr\/#organization\"},\"potentialAction\":[{\"@type\":\"SearchAction\",\"target\":{\"@type\":\"EntryPoint\",\"urlTemplate\":\"https:\/\/lesminimalys.fr\/?s={search_term_string}\"},\"query-input\":{\"@type\":\"PropertyValueSpecification\",\"valueRequired\":true,\"valueName\":\"search_term_string\"}}],\"inLanguage\":\"fr-FR\"},{\"@type\":\"Organization\",\"@id\":\"https:\/\/lesminimalys.fr\/#organization\",\"name\":\"Les Minimalys\",\"url\":\"https:\/\/lesminimalys.fr\/\",\"logo\":{\"@type\":\"ImageObject\",\"inLanguage\":\"fr-FR\",\"@id\":\"https:\/\/lesminimalys.fr\/#\/schema\/logo\/image\/\",\"url\":\"https:\/\/lesminimalys.fr\/wp-content\/uploads\/2021\/02\/cropped-cropped-cropped-cropped-logo-savonnerie-1.png\",\"contentUrl\":\"https:\/\/lesminimalys.fr\/wp-content\/uploads\/2021\/02\/cropped-cropped-cropped-cropped-logo-savonnerie-1.png\",\"width\":500,\"height\":148,\"caption\":\"Les Minimalys\"},\"image\":{\"@id\":\"https:\/\/lesminimalys.fr\/#\/schema\/logo\/image\/\"},\"sameAs\":[\"https:\/\/www.facebook.com\/lesminimalys\",\"https:\/\/www.instagram.com\/lesminimalys\/\"]}]}<\/script>\n<!-- \/ Yoast SEO plugin. -->","yoast_head_json":{"title":"1\u20ac = 1 arbre plant\u00e9 \ud83c\udf33 Les Minimalys","description":"Chaque geste compte pour pr\u00e9server le climat ! Ensemble plantons des arbres dans des zones ou la d\u00e9forestation est massive 1\u20ac = 1 arbre plant\u00e9 !","robots":{"index":"index","follow":"follow","max-snippet":"max-snippet:-1","max-image-preview":"max-image-preview:large","max-video-preview":"max-video-preview:-1"},"canonical":"https:\/\/lesminimalys.fr\/?product=1e-1-arbre-plante-\ud83c\udf33","og_locale":"fr_FR","og_type":"article","og_title":"1\u20ac = 1 arbre plant\u00e9 \ud83c\udf33 Les Minimalys","og_description":"Chaque geste compte pour pr\u00e9server le climat ! Ensemble plantons des arbres dans des zones ou la d\u00e9forestation est massive 1\u20ac = 1 arbre plant\u00e9 !","og_url":"https:\/\/lesminimalys.fr\/?product=1e-1-arbre-plante-\ud83c\udf33","og_site_name":"Les Minimalys","article_publisher":"https:\/\/www.facebook.com\/lesminimalys","article_modified_time":"2022-10-20T19:59:43+00:00","og_image":[{"width":1280,"height":854,"url":"https:\/\/lesminimalys.fr\/wp-content\/uploads\/2022\/10\/environmental-protection-g1d2d8eedb_1280.jpg","type":"image\/jpeg"}],"twitter_card":"summary_large_image","twitter_misc":{"Dur\u00e9e de lecture estim\u00e9e":"1 minute"},"schema":{"@context":"https:\/\/schema.org","@graph":[{"@type":"WebPage","@id":"https:\/\/lesminimalys.fr\/?product=1e-1-arbre-plante-%f0%9f%8c%b3","url":"https:\/\/lesminimalys.fr\/?product=1e-1-arbre-plante-%f0%9f%8c%b3","name":"1\u20ac = 1 arbre plant\u00e9 \ud83c\udf33 Les Minimalys","isPartOf":{"@id":"https:\/\/lesminimalys.fr\/#website"},"primaryImageOfPage":{"@id":"https:\/\/lesminimalys.fr\/?product=1e-1-arbre-plante-%f0%9f%8c%b3#primaryimage"},"image":{"@id":"https:\/\/lesminimalys.fr\/?product=1e-1-arbre-plante-%f0%9f%8c%b3#primaryimage"},"thumbnailUrl":"https:\/\/lesminimalys.fr\/wp-content\/uploads\/2022\/10\/environmental-protection-g1d2d8eedb_1280.jpg","datePublished":"2022-10-20T19:59:42+00:00","dateModified":"2022-10-20T19:59:43+00:00","description":"Chaque geste compte pour pr\u00e9server le climat ! Ensemble plantons des arbres dans des zones ou la d\u00e9forestation est massive 1\u20ac = 1 arbre plant\u00e9 !","breadcrumb":{"@id":"https:\/\/lesminimalys.fr\/?product=1e-1-arbre-plante-%f0%9f%8c%b3#breadcrumb"},"inLanguage":"fr-FR","potentialAction":[{"@type":"ReadAction","target":["https:\/\/lesminimalys.fr\/?product=1e-1-arbre-plante-%f0%9f%8c%b3"]}]},{"@type":"ImageObject","inLanguage":"fr-FR","@id":"https:\/\/lesminimalys.fr\/?product=1e-1-arbre-plante-%f0%9f%8c%b3#primaryimage","url":"https:\/\/lesminimalys.fr\/wp-content\/uploads\/2022\/10\/environmental-protection-g1d2d8eedb_1280.jpg","contentUrl":"https:\/\/lesminimalys.fr\/wp-content\/uploads\/2022\/10\/environmental-protection-g1d2d8eedb_1280.jpg","width":1280,"height":854,"caption":"1\u20ac = 1 arbre plant\u00e9"},{"@type":"BreadcrumbList","@id":"https:\/\/lesminimalys.fr\/?product=1e-1-arbre-plante-%f0%9f%8c%b3#breadcrumb","itemListElement":[{"@type":"ListItem","position":1,"name":"Accueil","item":"https:\/\/lesminimalys.fr\/"},{"@type":"ListItem","position":2,"name":"Boutique","item":"https:\/\/lesminimalys.fr\/?page_id=435"},{"@type":"ListItem","position":3,"name":"1\u20ac = 1 arbre plant\u00e9 \ud83c\udf33"}]},{"@type":"WebSite","@id":"https:\/\/lesminimalys.fr\/#website","url":"https:\/\/lesminimalys.fr\/","name":"Les Minimalys","description":"Savonnerie Artisanale","publisher":{"@id":"https:\/\/lesminimalys.fr\/#organization"},"potentialAction":[{"@type":"SearchAction","target":{"@type":"EntryPoint","urlTemplate":"https:\/\/lesminimalys.fr\/?s={search_term_string}"},"query-input":{"@type":"PropertyValueSpecification","valueRequired":true,"valueName":"search_term_string"}}],"inLanguage":"fr-FR"},{"@type":"Organization","@id":"https:\/\/lesminimalys.fr\/#organization","name":"Les Minimalys","url":"https:\/\/lesminimalys.fr\/","logo":{"@type":"ImageObject","inLanguage":"fr-FR","@id":"https:\/\/lesminimalys.fr\/#\/schema\/logo\/image\/","url":"https:\/\/lesminimalys.fr\/wp-content\/uploads\/2021\/02\/cropped-cropped-cropped-cropped-logo-savonnerie-1.png","contentUrl":"https:\/\/lesminimalys.fr\/wp-content\/uploads\/2021\/02\/cropped-cropped-cropped-cropped-logo-savonnerie-1.png","width":500,"height":148,"caption":"Les Minimalys"},"image":{"@id":"https:\/\/lesminimalys.fr\/#\/schema\/logo\/image\/"},"sameAs":["https:\/\/www.facebook.com\/lesminimalys","https:\/\/www.instagram.com\/lesminimalys\/"]}]}},"jetpack_sharing_enabled":true,"_links":{"self":[{"href":"https:\/\/lesminimalys.fr\/index.php?rest_route=\/wp\/v2\/product\/2789","targetHints":{"allow":["GET"]}}],"collection":[{"href":"https:\/\/lesminimalys.fr\/index.php?rest_route=\/wp\/v2\/product"}],"about":[{"href":"https:\/\/lesminimalys.fr\/index.php?rest_route=\/wp\/v2\/types\/product"}],"wp:featuredmedia":[{"embeddable":true,"href":"https:\/\/lesminimalys.fr\/index.php?rest_route=\/wp\/v2\/media\/2790"}],"wp:attachment":[{"href":"https:\/\/lesminimalys.fr\/index.php?rest_route=%2Fwp%2Fv2%2Fmedia&parent=2789"}],"wp:term":[{"taxonomy":"product_brand","embeddable":true,"href":"https:\/\/lesminimalys.fr\/index.php?rest_route=%2Fwp%2Fv2%2Fproduct_brand&post=2789"},{"taxonomy":"product_cat","embeddable":true,"href":"https:\/\/lesminimalys.fr\/index.php?rest_route=%2Fwp%2Fv2%2Fproduct_cat&post=2789"},{"taxonomy":"product_tag","embeddable":true,"href":"https:\/\/lesminimalys.fr\/index.php?rest_route=%2Fwp%2Fv2%2Fproduct_tag&post=2789"}],"curies":[{"name":"wp","href":"https:\/\/api.w.org\/{rel}","templated":true}]}}