{"id":432,"date":"2021-02-12T21:31:40","date_gmt":"2021-02-12T20:31:40","guid":{"rendered":"http:\/\/lesminimalys.fr\/?page_id=432"},"modified":"2021-04-01T14:02:25","modified_gmt":"2021-04-01T12:02:25","slug":"mentions-legales","status":"publish","type":"page","link":"https:\/\/lesminimalys.fr\/?page_id=432","title":{"rendered":"Mentions l\u00e9gales"},"content":{"rendered":"\t\t<div data-elementor-type=\"wp-page\" data-elementor-id=\"432\" class=\"elementor elementor-432\">\n\t\t\t\t\t\t<section class=\"elementor-section elementor-top-section elementor-element elementor-element-6c9f8683 elementor-section-boxed elementor-section-height-default elementor-section-height-default\" data-id=\"6c9f8683\" data-element_type=\"section\" data-e-type=\"section\">\n\t\t\t\t\t\t<div class=\"elementor-container elementor-column-gap-default\">\n\t\t\t\t\t<div class=\"elementor-column elementor-col-100 elementor-top-column elementor-element elementor-element-8f02e37\" data-id=\"8f02e37\" data-element_type=\"column\" data-e-type=\"column\">\n\t\t\t<div class=\"elementor-widget-wrap elementor-element-populated\">\n\t\t\t\t\t\t<div class=\"elementor-element elementor-element-88afa3d elementor-widget elementor-widget-text-editor\" data-id=\"88afa3d\" data-element_type=\"widget\" data-e-type=\"widget\" data-widget_type=\"text-editor.default\">\n\t\t\t\t<div class=\"elementor-widget-container\">\n\t\t\t\t\t\t\t\t\t<p><\/p>\n<p class=\"has-text-align-center\"><strong>Ce site est \u00e9dit\u00e9 par : <\/strong><\/p>\n<p class=\"has-text-align-center\">Les Minimalys &#8211; Savonnerie artisanale<\/p>\n<p class=\"has-text-align-center\">Titulaire d&rsquo;un contrat d&rsquo;appui au projet d&rsquo;entreprise &#8211; Loi n\u00b02003-721 du 1er ao\u00fbt 2003 \u00ab\u00a0pour l&rsquo;initiative \u00e9conomique\u00a0\u00bb jusqu&rsquo;au 30\/03\/2022<\/p>\n<p class=\"has-text-align-center\">SC&rsquo;OPARA &#8211; Coop\u00e9rative d&rsquo;Entrepreneurs &#8211; RCS Ajaccio 799576145 &#8211; Immeuble St Jean &#8211; Avenue de Bastia &#8211; 20137 Porto Vecchio<\/p>\n<p class=\"has-text-align-center\">Tel. : 06.83.68.75.65<\/p>\n<p class=\"has-text-align-center\">Directeur de la r\u00e9daction et de la publication : DANIEL Myl\u00e8ne<\/p>\n<p><\/p>\n<p class=\"has-text-align-center\"><u>H\u00e9bergeur Web :&nbsp;<\/u><\/p>\n<p class=\"has-text-align-center\">OVH<\/p>\n<p class=\"has-text-align-center\">2 rue Kellermann<\/p>\n<p>BP 80157<\/p>\n<p>59100 Roubaix<\/p>\n<p class=\"has-text-align-center\">\n<\/p><p class=\"has-text-align-center\">\n<\/p><p><\/p>\n<p><\/p>\n<p class=\"has-text-align-center\">\n<\/p><p><\/p>\t\t\t\t\t\t\t\t<\/div>\n\t\t\t\t<\/div>\n\t\t\t\t\t<\/div>\n\t\t<\/div>\n\t\t\t\t\t<\/div>\n\t\t<\/section>\n\t\t\t\t<\/div>\n\t\t","protected":false},"excerpt":{"rendered":"<p>Ce site est \u00e9dit\u00e9 par : Les Minimalys &#8211; Savonnerie artisanale Titulaire d&rsquo;un contrat d&rsquo;appui au projet d&rsquo;entreprise &#8211; Loi n\u00b02003-721 du 1er ao\u00fbt 2003 \u00ab\u00a0pour l&rsquo;initiative \u00e9conomique\u00a0\u00bb jusqu&rsquo;au 30\/03\/2022 SC&rsquo;OPARA &#8211; Coop\u00e9rative d&rsquo;Entrepreneurs &#8211; RCS Ajaccio 799576145 &#8211; Immeuble St Jean &#8211; Avenue de Bastia &#8211; 20137 Porto Vecchio Tel. : 06.83.68.75.65 Directeur de [&hellip;]<\/p>\n","protected":false},"author":1,"featured_media":0,"parent":0,"menu_order":0,"comment_status":"closed","ping_status":"closed","template":"","meta":{"_monsterinsights_skip_tracking":false,"_monsterinsights_sitenote_active":false,"_monsterinsights_sitenote_note":"","_monsterinsights_sitenote_category":0,"_glsr_average":0,"_glsr_ranking":0,"_glsr_reviews":0,"footnotes":""},"class_list":["post-432","page","type-page","status-publish","hentry","entry","owp-thumbs-layout-horizontal","owp-btn-normal","owp-tabs-layout-horizontal","has-no-thumbnails","has-product-nav"],"yoast_head":"<!-- This site is optimized with the Yoast SEO plugin v26.8 - https:\/\/yoast.com\/product\/yoast-seo-wordpress\/ -->\n<title>Mentions l\u00e9gales Les Minimalys<\/title>\n<meta name=\"robots\" content=\"index, follow, max-snippet:-1, max-image-preview:large, max-video-preview:-1\" \/>\n<link rel=\"canonical\" href=\"https:\/\/lesminimalys.fr\/?page_id=432\" \/>\n<meta property=\"og:locale\" content=\"fr_FR\" \/>\n<meta property=\"og:type\" content=\"article\" \/>\n<meta property=\"og:title\" content=\"Mentions l\u00e9gales Les Minimalys\" \/>\n<meta property=\"og:description\" content=\"Ce site est \u00e9dit\u00e9 par : Les Minimalys &#8211; Savonnerie artisanale Titulaire d&rsquo;un contrat d&rsquo;appui au projet d&rsquo;entreprise &#8211; Loi n\u00b02003-721 du 1er ao\u00fbt 2003 \u00ab\u00a0pour l&rsquo;initiative \u00e9conomique\u00a0\u00bb jusqu&rsquo;au 30\/03\/2022 SC&rsquo;OPARA &#8211; Coop\u00e9rative d&rsquo;Entrepreneurs &#8211; RCS Ajaccio 799576145 &#8211; Immeuble St Jean &#8211; Avenue de Bastia &#8211; 20137 Porto Vecchio Tel. : 06.83.68.75.65 Directeur de [&hellip;]\" \/>\n<meta property=\"og:url\" content=\"https:\/\/lesminimalys.fr\/?page_id=432\" \/>\n<meta property=\"og:site_name\" content=\"Les Minimalys\" \/>\n<meta property=\"article:publisher\" content=\"https:\/\/www.facebook.com\/lesminimalys\" \/>\n<meta property=\"article:modified_time\" content=\"2021-04-01T12:02:25+00:00\" \/>\n<meta name=\"twitter:card\" content=\"summary_large_image\" \/>\n<script type=\"application\/ld+json\" class=\"yoast-schema-graph\">{\"@context\":\"https:\/\/schema.org\",\"@graph\":[{\"@type\":\"WebPage\",\"@id\":\"https:\/\/lesminimalys.fr\/?page_id=432\",\"url\":\"https:\/\/lesminimalys.fr\/?page_id=432\",\"name\":\"Mentions l\u00e9gales Les Minimalys\",\"isPartOf\":{\"@id\":\"https:\/\/lesminimalys.fr\/#website\"},\"datePublished\":\"2021-02-12T20:31:40+00:00\",\"dateModified\":\"2021-04-01T12:02:25+00:00\",\"breadcrumb\":{\"@id\":\"https:\/\/lesminimalys.fr\/?page_id=432#breadcrumb\"},\"inLanguage\":\"fr-FR\",\"potentialAction\":[{\"@type\":\"ReadAction\",\"target\":[\"https:\/\/lesminimalys.fr\/?page_id=432\"]}]},{\"@type\":\"BreadcrumbList\",\"@id\":\"https:\/\/lesminimalys.fr\/?page_id=432#breadcrumb\",\"itemListElement\":[{\"@type\":\"ListItem\",\"position\":1,\"name\":\"Accueil\",\"item\":\"https:\/\/lesminimalys.fr\/\"},{\"@type\":\"ListItem\",\"position\":2,\"name\":\"Mentions l\u00e9gales\"}]},{\"@type\":\"WebSite\",\"@id\":\"https:\/\/lesminimalys.fr\/#website\",\"url\":\"https:\/\/lesminimalys.fr\/\",\"name\":\"Les Minimalys\",\"description\":\"Savonnerie Artisanale\",\"publisher\":{\"@id\":\"https:\/\/lesminimalys.fr\/#organization\"},\"potentialAction\":[{\"@type\":\"SearchAction\",\"target\":{\"@type\":\"EntryPoint\",\"urlTemplate\":\"https:\/\/lesminimalys.fr\/?s={search_term_string}\"},\"query-input\":{\"@type\":\"PropertyValueSpecification\",\"valueRequired\":true,\"valueName\":\"search_term_string\"}}],\"inLanguage\":\"fr-FR\"},{\"@type\":\"Organization\",\"@id\":\"https:\/\/lesminimalys.fr\/#organization\",\"name\":\"Les Minimalys\",\"url\":\"https:\/\/lesminimalys.fr\/\",\"logo\":{\"@type\":\"ImageObject\",\"inLanguage\":\"fr-FR\",\"@id\":\"https:\/\/lesminimalys.fr\/#\/schema\/logo\/image\/\",\"url\":\"https:\/\/lesminimalys.fr\/wp-content\/uploads\/2021\/02\/cropped-cropped-cropped-cropped-logo-savonnerie-1.png\",\"contentUrl\":\"https:\/\/lesminimalys.fr\/wp-content\/uploads\/2021\/02\/cropped-cropped-cropped-cropped-logo-savonnerie-1.png\",\"width\":500,\"height\":148,\"caption\":\"Les Minimalys\"},\"image\":{\"@id\":\"https:\/\/lesminimalys.fr\/#\/schema\/logo\/image\/\"},\"sameAs\":[\"https:\/\/www.facebook.com\/lesminimalys\",\"https:\/\/www.instagram.com\/lesminimalys\/\"]}]}<\/script>\n<!-- \/ Yoast SEO plugin. -->","yoast_head_json":{"title":"Mentions l\u00e9gales Les Minimalys","robots":{"index":"index","follow":"follow","max-snippet":"max-snippet:-1","max-image-preview":"max-image-preview:large","max-video-preview":"max-video-preview:-1"},"canonical":"https:\/\/lesminimalys.fr\/?page_id=432","og_locale":"fr_FR","og_type":"article","og_title":"Mentions l\u00e9gales Les Minimalys","og_description":"Ce site est \u00e9dit\u00e9 par : Les Minimalys &#8211; Savonnerie artisanale Titulaire d&rsquo;un contrat d&rsquo;appui au projet d&rsquo;entreprise &#8211; Loi n\u00b02003-721 du 1er ao\u00fbt 2003 \u00ab\u00a0pour l&rsquo;initiative \u00e9conomique\u00a0\u00bb jusqu&rsquo;au 30\/03\/2022 SC&rsquo;OPARA &#8211; Coop\u00e9rative d&rsquo;Entrepreneurs &#8211; RCS Ajaccio 799576145 &#8211; Immeuble St Jean &#8211; Avenue de Bastia &#8211; 20137 Porto Vecchio Tel. : 06.83.68.75.65 Directeur de [&hellip;]","og_url":"https:\/\/lesminimalys.fr\/?page_id=432","og_site_name":"Les Minimalys","article_publisher":"https:\/\/www.facebook.com\/lesminimalys","article_modified_time":"2021-04-01T12:02:25+00:00","twitter_card":"summary_large_image","schema":{"@context":"https:\/\/schema.org","@graph":[{"@type":"WebPage","@id":"https:\/\/lesminimalys.fr\/?page_id=432","url":"https:\/\/lesminimalys.fr\/?page_id=432","name":"Mentions l\u00e9gales Les Minimalys","isPartOf":{"@id":"https:\/\/lesminimalys.fr\/#website"},"datePublished":"2021-02-12T20:31:40+00:00","dateModified":"2021-04-01T12:02:25+00:00","breadcrumb":{"@id":"https:\/\/lesminimalys.fr\/?page_id=432#breadcrumb"},"inLanguage":"fr-FR","potentialAction":[{"@type":"ReadAction","target":["https:\/\/lesminimalys.fr\/?page_id=432"]}]},{"@type":"BreadcrumbList","@id":"https:\/\/lesminimalys.fr\/?page_id=432#breadcrumb","itemListElement":[{"@type":"ListItem","position":1,"name":"Accueil","item":"https:\/\/lesminimalys.fr\/"},{"@type":"ListItem","position":2,"name":"Mentions l\u00e9gales"}]},{"@type":"WebSite","@id":"https:\/\/lesminimalys.fr\/#website","url":"https:\/\/lesminimalys.fr\/","name":"Les Minimalys","description":"Savonnerie Artisanale","publisher":{"@id":"https:\/\/lesminimalys.fr\/#organization"},"potentialAction":[{"@type":"SearchAction","target":{"@type":"EntryPoint","urlTemplate":"https:\/\/lesminimalys.fr\/?s={search_term_string}"},"query-input":{"@type":"PropertyValueSpecification","valueRequired":true,"valueName":"search_term_string"}}],"inLanguage":"fr-FR"},{"@type":"Organization","@id":"https:\/\/lesminimalys.fr\/#organization","name":"Les Minimalys","url":"https:\/\/lesminimalys.fr\/","logo":{"@type":"ImageObject","inLanguage":"fr-FR","@id":"https:\/\/lesminimalys.fr\/#\/schema\/logo\/image\/","url":"https:\/\/lesminimalys.fr\/wp-content\/uploads\/2021\/02\/cropped-cropped-cropped-cropped-logo-savonnerie-1.png","contentUrl":"https:\/\/lesminimalys.fr\/wp-content\/uploads\/2021\/02\/cropped-cropped-cropped-cropped-logo-savonnerie-1.png","width":500,"height":148,"caption":"Les Minimalys"},"image":{"@id":"https:\/\/lesminimalys.fr\/#\/schema\/logo\/image\/"},"sameAs":["https:\/\/www.facebook.com\/lesminimalys","https:\/\/www.instagram.com\/lesminimalys\/"]}]}},"jetpack_sharing_enabled":true,"_links":{"self":[{"href":"https:\/\/lesminimalys.fr\/index.php?rest_route=\/wp\/v2\/pages\/432","targetHints":{"allow":["GET"]}}],"collection":[{"href":"https:\/\/lesminimalys.fr\/index.php?rest_route=\/wp\/v2\/pages"}],"about":[{"href":"https:\/\/lesminimalys.fr\/index.php?rest_route=\/wp\/v2\/types\/page"}],"author":[{"embeddable":true,"href":"https:\/\/lesminimalys.fr\/index.php?rest_route=\/wp\/v2\/users\/1"}],"replies":[{"embeddable":true,"href":"https:\/\/lesminimalys.fr\/index.php?rest_route=%2Fwp%2Fv2%2Fcomments&post=432"}],"version-history":[{"count":20,"href":"https:\/\/lesminimalys.fr\/index.php?rest_route=\/wp\/v2\/pages\/432\/revisions"}],"predecessor-version":[{"id":1554,"href":"https:\/\/lesminimalys.fr\/index.php?rest_route=\/wp\/v2\/pages\/432\/revisions\/1554"}],"wp:attachment":[{"href":"https:\/\/lesminimalys.fr\/index.php?rest_route=%2Fwp%2Fv2%2Fmedia&parent=432"}],"curies":[{"name":"wp","href":"https:\/\/api.w.org\/{rel}","templated":true}]}}

Mentions légales

<div data-elementor-type="wp-page" data-elementor-id="432" class="elementor elementor-432">
						<section class="elementor-section elementor-top-section elementor-element elementor-element-6c9f8683 elementor-section-boxed elementor-section-height-default elementor-section-height-default" data-id="6c9f8683" data-element_type="section" data-e-type="section">
						<div class="elementor-container elementor-column-gap-default">
					<div class="elementor-column elementor-col-100 elementor-top-column elementor-element elementor-element-8f02e37" data-id="8f02e37" data-element_type="column" data-e-type="column">
			<div class="elementor-widget-wrap elementor-element-populated">
						<div class="elementor-element elementor-element-88afa3d elementor-widget elementor-widget-text-editor" data-id="88afa3d" data-element_type="widget" data-e-type="widget" data-widget_type="text-editor.default">
				<div class="elementor-widget-container">
									<p></p>
<p class="has-text-align-center"><strong>Ce site est édité par : </strong></p>
<p class="has-text-align-center">Les Minimalys &#8211; Savonnerie artisanale</p>
<p class="has-text-align-center">Titulaire d&rsquo;un contrat d&rsquo;appui au projet d&rsquo;entreprise &#8211; Loi n°2003-721 du 1er août 2003 « pour l&rsquo;initiative économique » jusqu&rsquo;au 30/03/2022</p>
<p class="has-text-align-center">SC&rsquo;OPARA &#8211; Coopérative d&rsquo;Entrepreneurs &#8211; RCS Ajaccio 799576145 &#8211; Immeuble St Jean &#8211; Avenue de Bastia &#8211; 20137 Porto Vecchio</p>
<p class="has-text-align-center">Tel. : 06.83.68.75.65</p>
<p class="has-text-align-center">Directeur de la rédaction et de la publication : DANIEL Mylène</p>
<p></p>
<p class="has-text-align-center"><u>Hébergeur Web :&nbsp;</u></p>
<p class="has-text-align-center">OVH</p>
<p class="has-text-align-center">2 rue Kellermann</p>
<p>BP 80157</p>
<p>59100 Roubaix</p>
<p class="has-text-align-center">
</p><p class="has-text-align-center">
</p><p></p>
<p></p>
<p class="has-text-align-center">
</p><p></p>								</div>
				</div>
					</div>
		</div>
					</div>
		</section>
				</div>

<p>Ce site est édité par : Les Minimalys &#8211; Savonnerie artisanale Titulaire d&rsquo;un contrat d&rsquo;appui au projet d&rsquo;entreprise &#8211; Loi n°2003-721 du 1er août 2003 « pour l&rsquo;initiative économique » jusqu&rsquo;au 30/03/2022 SC&rsquo;OPARA &#8211; Coopérative d&rsquo;Entrepreneurs &#8211; RCS Ajaccio 799576145 &#8211; Immeuble St Jean &#8211; Avenue de Bastia &#8211; 20137 Porto Vecchio Tel. : 06.83.68.75.65 Directeur de [&hellip;]</p>

<!-- This site is optimized with the Yoast SEO plugin v26.8 - https://yoast.com/product/yoast-seo-wordpress/ -->
<title>Mentions légales Les Minimalys</title>
<meta name="robots" content="index, follow, max-snippet:-1, max-image-preview:large, max-video-preview:-1" />
<link rel="canonical" href="https://lesminimalys.fr/?page_id=432" />
<meta property="og:locale" content="fr_FR" />
<meta property="og:type" content="article" />
<meta property="og:title" content="Mentions légales Les Minimalys" />
<meta property="og:description" content="Ce site est édité par : Les Minimalys &#8211; Savonnerie artisanale Titulaire d&rsquo;un contrat d&rsquo;appui au projet d&rsquo;entreprise &#8211; Loi n°2003-721 du 1er août 2003 « pour l&rsquo;initiative économique » jusqu&rsquo;au 30/03/2022 SC&rsquo;OPARA &#8211; Coopérative d&rsquo;Entrepreneurs &#8211; RCS Ajaccio 799576145 &#8211; Immeuble St Jean &#8211; Avenue de Bastia &#8211; 20137 Porto Vecchio Tel. : 06.83.68.75.65 Directeur de [&hellip;]" />
<meta property="og:url" content="https://lesminimalys.fr/?page_id=432" />
<meta property="og:site_name" content="Les Minimalys" />
<meta property="article:publisher" content="https://www.facebook.com/lesminimalys" />
<meta property="article:modified_time" content="2021-04-01T12:02:25+00:00" />
<meta name="twitter:card" content="summary_large_image" />
<script type="application/ld+json" class="yoast-schema-graph">{"@context":"https://schema.org","@graph":[{"@type":"WebPage","@id":"https://lesminimalys.fr/?page_id=432","url":"https://lesminimalys.fr/?page_id=432","name":"Mentions légales Les Minimalys","isPartOf":{"@id":"https://lesminimalys.fr/#website"},"datePublished":"2021-02-12T20:31:40+00:00","dateModified":"2021-04-01T12:02:25+00:00","breadcrumb":{"@id":"https://lesminimalys.fr/?page_id=432#breadcrumb"},"inLanguage":"fr-FR","potentialAction":[{"@type":"ReadAction","target":["https://lesminimalys.fr/?page_id=432"]}]},{"@type":"BreadcrumbList","@id":"https://lesminimalys.fr/?page_id=432#breadcrumb","itemListElement":[{"@type":"ListItem","position":1,"name":"Accueil","item":"https://lesminimalys.fr/"},{"@type":"ListItem","position":2,"name":"Mentions légales"}]},{"@type":"WebSite","@id":"https://lesminimalys.fr/#website","url":"https://lesminimalys.fr/","name":"Les Minimalys","description":"Savonnerie Artisanale","publisher":{"@id":"https://lesminimalys.fr/#organization"},"potentialAction":[{"@type":"SearchAction","target":{"@type":"EntryPoint","urlTemplate":"https://lesminimalys.fr/?s={search_term_string}"},"query-input":{"@type":"PropertyValueSpecification","valueRequired":true,"valueName":"search_term_string"}}],"inLanguage":"fr-FR"},{"@type":"Organization","@id":"https://lesminimalys.fr/#organization","name":"Les Minimalys","url":"https://lesminimalys.fr/","logo":{"@type":"ImageObject","inLanguage":"fr-FR","@id":"https://lesminimalys.fr/#/schema/logo/image/","url":"https://lesminimalys.fr/wp-content/uploads/2021/02/cropped-cropped-cropped-cropped-logo-savonnerie-1.png","contentUrl":"https://lesminimalys.fr/wp-content/uploads/2021/02/cropped-cropped-cropped-cropped-logo-savonnerie-1.png","width":500,"height":148,"caption":"Les Minimalys"},"image":{"@id":"https://lesminimalys.fr/#/schema/logo/image/"},"sameAs":["https://www.facebook.com/lesminimalys","https://www.instagram.com/lesminimalys/"]}]}</script>
<!-- / Yoast SEO plugin. -->

Mentions légales Les Minimalys

Ce site est édité par : Les Minimalys &#8211; Savonnerie artisanale Titulaire d&rsquo;un contrat d&rsquo;appui au projet d&rsquo;entreprise &#8211; Loi n°2003-721 du 1er août 2003 « pour l&rsquo;initiative économique » jusqu&rsquo;au 30/03/2022 SC&rsquo;OPARA &#8211; Coopérative d&rsquo;Entrepreneurs &#8211; RCS Ajaccio 799576145 &#8211; Immeuble St Jean &#8211; Avenue de Bastia &#8211; 20137 Porto Vecchio Tel. : 06.83.68.75.65 Directeur de [&hellip;]
